{"id":1049,"date":"2015-09-02T09:35:16","date_gmt":"2015-09-02T06:35:16","guid":{"rendered":"http:\/\/ramkool.edu.ee\/site\/?page_id=1049"},"modified":"2026-04-29T10:25:29","modified_gmt":"2026-04-29T07:25:29","slug":"opilastele","status":"publish","type":"page","link":"https:\/\/ramkool.edu.ee\/huvikool\/ringid\/opilastele\/","title":{"rendered":"\u00d5pilastele"},"content":{"rendered":"\n<p><strong>Huviringidesse registreerimine algab 1. septembril <a href=\"https:\/\/piksel.ee\/arno\/ramkool\/avaleht\/\" target=\"_blank\" rel=\"noreferrer noopener\">ARNO s\u00fcsteemis<\/a>.<br>Huviringid alustavad tegevust septembri 3. n\u00e4dalal.<\/strong><\/p>\n\n\n\n<p class=\"has-vivid-red-color has-text-color has-link-color wp-elements-4b2b09d712ec852f3f4d1109d2844dd2\"><strong>NB: Koolivaheaegadel huviringe ei toimu<\/strong>! (vaheaegade kuup\u00e4evad leiad <strong><a href=\"https:\/\/ramkool.edu.ee\/koolielu\/perioodid-ja-vaheajad\/\" data-type=\"link\" data-id=\"https:\/\/ramkool.edu.ee\/koolielu\/perioodid-ja-vaheajad\/\" target=\"_blank\" rel=\"noreferrer noopener\">SIIT<\/a><\/strong>.)<\/p>\n\n\n\n<p><strong>MALE 1. KLASSILE<\/strong><br>Malem\u00e4ng on aastasadadega kujunenud \u00fcheks maailma k\u00f5ige populaarsemaks lauam\u00e4nguks. Kuna rahvusvahelised reeglid on tunnustatud kogu maailmas, siis v\u00f5ib male \u00fchendada v\u00e4ga erinevatest rahvustest inimesi. Male \u00f5petab j\u00e4rgima kindlaid reegleid, pikalt ette m\u00f5tlema, arvestama vastase m\u00f5ttek\u00e4ikudega ja neid ennetama. V\u00e4ga oluline on oma malendite vaheline koost\u00f6\u00f6. Lisaks v\u00f5imaldab male arendada kannatlikkust ja viisakust.<\/p>\n\n\n\n<p>Esmasp\u00e4eviti 13.40 -14.20<br>Juhendaja Priit Paabo<br>Ring alustab t\u00f6\u00f6d septembri 3. n\u00e4dalal<br>Kuutasu 40 eurot<br>Registreerimine <strong><a href=\"https:\/\/piksel.ee\/arno\/ramkool\/avaleht\/\" target=\"_blank\" rel=\"noreferrer noopener\">SIIN<\/a><\/strong><\/p>\n\n\n\n<p><strong>MALE JA M\u00d5TTEM\u00c4NGUD 2.-5. KLASSILE<\/strong><br>Suurematele lastele tutvustaks lisaks malele ka teisi klassikalisi m\u00f5ttem\u00e4nge &#8211; kabet, gomokut ja sudokut. K\u00f5ikidel m\u00e4ngudel on erinev mehaanika, aga samas k\u00f5ik nad arendavad loogilist m\u00f5tlemist. Kui teisi m\u00e4ngitakse kahekesi, siis sudokusid v\u00f5ib nuputada ka \u00fcksinda. Klassikalistes m\u00f5ttem\u00e4ngudes korraldatakse rahvusvahelisi v\u00f5istlusi, kus ka eestlased on h\u00e4id tulemusi n\u00e4idanud. Eesti m\u00f5ttesportlane Andres Kuusk on n\u00e4iteks kolmekordne maailmameister.<\/p>\n\n\n\n<p>Esmasp\u00e4eviti 14.30-15.10<br>Juhendaja Priit Paabo<br>Ring alustab t\u00f6\u00f6d septembri 3. n\u00e4dalal<br>Kuutasu 40 eurot<br>Registreerimine <strong><a href=\"https:\/\/piksel.ee\/arno\/ramkool\/avaleht\/\" target=\"_blank\" rel=\"noreferrer noopener\">SIIN<\/a><\/strong><\/p>\n\n\n\n<p><strong>DISAINIRING 1.- 3. KLASSILE<\/strong><br>Ootame ringi lapsi, kes soovivad arendada loovust l\u00e4bi erinevate materjalide ja tehnikate. Loome koos vahvaid tegelasi ja m\u00e4ngulisi keskkondi. Leiame loovaid lahendusi kasutult seisvatele esemetele ja materjalidele. Katsetame tehtud ja v\u00f5tame aega ka m\u00e4ngimiseks. Peamiselt tegutseme tekstiili valdkonnas, nt anname vanale riideesemele uue n\u00e4o &#8211; vanast sokist saame kaisuj\u00e4nku ja s\u00e4rgile saame tr\u00fckkida oma joonistuse j\u00e4rgi uue mustri. K\u00e4e osavust lihvime paberit voltides ja materjali \u00f5pime tundma nt ise paberit tehes.<br>\u00d5pime looma nutikalt ja s\u00e4\u00e4stlikult. Proovime erinevaid t\u00f6\u00f6v\u00f5tteid ja tehnikaid, milleks tavatunnis ei pruugi aega ja vahendeid j\u00e4tkuda.<\/p>\n\n\n\n<p>Reedeti 14.30-16.00 k\u00e4sit\u00f6\u00f6klassis F12<br>Juhendaja Liisa Kallam<br>Ring alustab t\u00f6\u00f6d septembri 3. n\u00e4dalal<br>Kuutasu 55 eurot<br>Registreerimine <strong><a href=\"https:\/\/piksel.ee\/arno\/ramkool\/avaleht\/\" target=\"_blank\" rel=\"noreferrer noopener\">SIIN<\/a><\/strong><\/p>\n\n\n\n<p><strong>ROBOOTIKARING 1. KLASSILE<br>ROBOOTIKARING 2. KLASSILE<br>ROBOOTIKARING 3. ja 4. KLASSILE<\/strong><br>Robootika- ja ettev\u00f5tluse tunnid t\u00fcdrukutele ja poistele. Tundides k\u00e4sitleme koos robootika ja programmeerimisega erinevaid teemasid ettev\u00f5tlusest, tootearendusest, m\u00e4ngude programmeerimisest ja tehnoloogiast, kaasates \u00f5ppesse loodusteaduste ja matemaatika p\u00f5hit\u00f5desid. \u00d5pitakse l\u00e4bi erinevate praktiliste t\u00f6\u00f6de, arendades laste tehnilist m\u00f5tlemist, probleemide lahendamise v\u00f5imet ja meeskonnat\u00f6\u00f6d. Seel\u00e4bi toetatakse laste ja noorte p\u00f5hiharidust, innustatakse andekaid ja laiendatakse oskusi rakendada koolis \u00f5pitut igap\u00e4evaelus. Kool \u00f5pilased k\u00e4ivad igal aastal nii Robotexi kui ka First Lego League n\u00e4itustel ning teistel v\u00f5istlustel.<\/p>\n\n\n\n<p>Juhendaja: Ragne R\u00e4mmal Orason<br><strong>1. klass<\/strong> Spike Essential: kolmap\u00e4eval 13:40-15:10 v\u00f5i neljap\u00e4eval 13:40-15:10<br><strong>2. klass <\/strong>Spike Essential: neljap\u00e4eval 15:20-16:50<br><strong>3.-4. klass<\/strong> Spike Prime: kolmap\u00e4eval 15:20-16:50 (kaheaastane \u00f5ppekava)<\/p>\n\n\n\n<p>Ring alustab t\u00f6\u00f6d septembri 3. n\u00e4dalal.<br>Kuutasu on 60 eurot, millelt saab tulumaksu tagastuse.<br>Registreerimine: <a href=\"https:\/\/forms.gle\/1Brh4R6JsGNejngS7\" target=\"_blank\" rel=\"noreferrer noopener\"><strong>https:\/\/forms.gle\/1Brh4R6JsGNejngS7<\/strong><\/a><\/p>\n\n\n\n<p>Kontakt: Liia Tammes<br>liia.tammes@gmail.com<br>+37251944143<br><a href=\"http:\/\/www.robokaru.ee\" target=\"_blank\" rel=\"noreferrer noopener\">www.robokaru.ee<\/a><\/p>\n\n\n\n<p><strong>LASTE KOKAKOOL 1.-5. KLASSILE<\/strong><br>Laste kokakooli igas tunnis valmib \u00fcks soolane ja magus roog, mille lapsed tunni l\u00f5ppedes \u00e4ra s\u00f6\u00f6vad. R\u00f5hk on tervislikumal toitumisel ning toitumise ja toiduvalmistamise p\u00f5hit\u00f5dede \u00f5ppimisel.<\/p>\n\n\n\n<p>Ring toimub 2 korda kuus esmasp\u00e4eviti 15.00-16.30 \u00f5ppek\u00f6\u00f6gis E18<\/p>\n\n\n\n<p>12. ja 26. jaanuar<br>9. ja 16. veebruar<br>16. ja 30. m\u00e4rts<br>13. ja 27. aprill<br>4. ja 18. mai<br>1. ja 8. juuni<\/p>\n\n\n\n<p><br>Juhendaja Maret Koit (Laste Kokakool)<br>Kuutasu 50 eurot<br>Registreerimine <strong><a href=\"https:\/\/piksel.ee\/arno\/ramkool\/avaleht\/\" target=\"_blank\" rel=\"noreferrer noopener\">SIIN<\/a><\/strong><br>Rohkem infot: <a href=\"mailto:info@lastekokakool.ee\">info@lastekokakool.ee<\/a><\/p>\n\n\n\n<p><strong>TEATRIRING 2.-4. KLASSILE<\/strong><br>Iga inimese areng saab alguse s\u00fcndides. Inimene h\u00e4\u00e4litseb, kisab v\u00f5i nutab. Ta v\u00e4ljendab ennast nii nagu oskab, nii nagu suudab. See on ime. Seda imet proovime hoida nii, et areneks loomingulisus ja enesev\u00e4ljendus. Katsetame piire ja hoiame emotsioonid teadlikult kinni ning laseme lahti. Leiame korrastatuse, mis aitab igas olukorras. \u00d5pime olema inimesed. Olete oodatud m\u00e4ngima loovusm\u00e4nge ja improviseerima. Kui vaja \u00f5pime luuletusi lugema ja kui vaja m\u00e4ngime teatrit ka!<\/p>\n\n\n\n<p>Teisip\u00e4eviti 15.20-16.40<br>Juhendaja Aita Vaher<br>Ring alustab t\u00f6\u00f6d septembri 3. n\u00e4dalal<br>Kuutasu 55 eurot<br>Registreerimine <strong><a href=\"https:\/\/piksel.ee\/arno\/ramkool\/avaleht\/\" target=\"_blank\" rel=\"noreferrer noopener\">SIIN<\/a><\/strong><\/p>\n\n\n\n<p><\/p>\n\n\n\n<p><strong>TEATRIRING 5.-8. KLASSILE<\/strong><br>Iga inimese areng saab alguse s\u00fcndides. Inimene h\u00e4\u00e4litseb, kisab v\u00f5i nutab. Ta v\u00e4ljendab ennast nii nagu oskab, nii nagu suudab. See on ime. Seda imet proovime hoida nii, et areneks loomingulisus ja enesev\u00e4ljendus. Katsetame piire ja hoiame emotsioonid teadlikult kinni ning laseme lahti. Leiame korrastatuse, mis aitab igas olukorras. \u00d5pime olema inimesed. Olete oodatud m\u00e4ngima loovusm\u00e4nge ja improviseerima. Kui vaja \u00f5pime luuletusi lugema ja kui vaja m\u00e4ngime teatrit ka!<\/p>\n\n\n\n<p>Neljap\u00e4eviti 15.20-16.40<br>Juhendaja Aita Vaher<br>Ring alustab t\u00f6\u00f6d septembri 3. n\u00e4dalal<br>Kuutasu 55 eurot<br>Registreerimine <strong><a href=\"https:\/\/piksel.ee\/arno\/ramkool\/avaleht\/\" target=\"_blank\" rel=\"noreferrer noopener\">SIIN<\/a><\/strong><\/p>\n\n\n\n<p><strong>HUVIRING NOORELE ETTEV\u00d5TJALE 8.-9. KLASSILE<\/strong><br>Ring noortele ettev\u00f5tjatele on m\u00f5eldud ettev\u00f5tliku m\u00f5ttelaadi arendamiseks ja ettev\u00f5tlusalaste teadmiste saamiseks. Programmi eesm\u00e4rgiks on aidata p\u00f5hikooli III kooliastme \u00f5pilastel tutvuda v\u00e4ikeettev\u00f5tte loomise, juhtimise ja l\u00f5petamisega. Juhendajad toetavad \u00f5pilasi ideest teostuseni. Minifirma loomise k\u00e4igus kujundatakse \u00fcldp\u00e4devusi edukaks toimetulekuks tulevases t\u00f6\u00f6elus, arendatakse \u00f5pilastes algatusv\u00f5imet ja soovi ise probleeme lahendada. Minifirmat saab koolis teostada ja arvestada p\u00f5hikooli loovt\u00f6\u00f6na, sest minifirma programmi tegevused vastavad R\u00d5K kehtestatud p\u00f5hikooli loovt\u00f6\u00f6 n\u00f5uetele.<\/p>\n\n\n\n<p>Neljap\u00e4eviti 15.20-16.40<br>Juhendaja Merjam Ahmet<br>Ring alustab t\u00f6\u00f6d septembri 3. n\u00e4dalal<br>Kuutasu 55 eurot<br>Registreerimine <strong><a href=\"https:\/\/piksel.ee\/arno\/ramkool\/avaleht\/\" target=\"_blank\" rel=\"noreferrer noopener\">SIIN<\/a><\/strong><\/p>\n\n\n\n<p><strong>V\u00c4ITLUSKLUBI 7.-12. KLASSILE<\/strong><br>V\u00e4itlusklubis \u00f5pime koostama sisukaid, ratsionaalseid argumente. \u00d5pime neid veenvalt avalikult esitama. \u00d5pime v\u00e4itlema ehk argumente reaalajas anal\u00fc\u00fcsima ja neile rahulikult vastama. L\u00fchidalt, \u00f5pime paremini m\u00f5tlema ja oma m\u00f5tetest veenvamalt r\u00e4\u00e4kima ning selle k\u00e4igus meeskonnat\u00f6\u00f6d tegema. Cicero \u00fctles kunagi, et hea k\u00f5neleja peab tegema kolme asja &#8211; \u00f5petama, veenma ja meelt lahutama. V\u00e4itlusklubist ei puudu ka see viimane. \u00d5pime t\u00f5siseid ja ratsionaalseid asju, aga teeme seda m\u00f5nusas, veidi m\u00e4ngulises vormis. RaM Kooli v\u00e4itlusklubi vilistlaste kirjeldusi selle kohta, miks v\u00e4itlemise \u00f5ppimine oli neile kasulik, saab lugeda <a href=\"http:\/\/ramdebate.blogspot.com\/search\/label\/vilistlased\" target=\"_blank\" rel=\"noreferrer noopener\">http:\/\/ramdebate.blogspot.com\/search\/label\/vilistlased<\/a><br>Infot juhendaja Margo Loori kohta leiab <a href=\"https:\/\/www.speaksmart.ee\/meist\/margo-loor\" target=\"_blank\" rel=\"noreferrer noopener\">https:\/\/www.speaksmart.ee\/meist\/margo-loor<\/a><\/p>\n\n\n\n<p>Teisip\u00e4eviti 16.00-18.00 ruumis D12 ja D13. Esimene kohtumine toimub<strong> 23. septembril<\/strong>.<br>Juhendaja Margo Loor<br>Kuutasu 55 eurot<br>Registreerimine <strong><a href=\"https:\/\/piksel.ee\/arno\/ramkool\/avaleht\/\" target=\"_blank\" rel=\"noreferrer noopener\">SIIN<\/a><\/strong><\/p>\n\n\n\n<p><strong>MEEDIAKLUBI 8.-12. KLASSILE<\/strong><br>Meediaklubi on m\u00f5eldud \u00f5pilastele, kelle huvi on l\u00e4hemalt tuttavaks saada s\u00fcndmuste video- heli- ja valgustehnilise toetamisega. Meediaklubi tegevused sisaldavad muuhulgas intervjuude tegemist, s\u00fcndmuste korraldamist, salvestamist ning heli- ja valguskujundust.<\/p>\n\n\n\n<p>Ringitund toimub \u00fcks kord kuus reedeti kell 16:00<br>Juhendaja Martin Grand (teleprodutsent, re\u017eiss\u00f6\u00f6r)<br>Esimene kohtumine toimub<strong> 26. septembril<\/strong><br>Kuutasu 20 eurot<br>Registreerimine <strong><a href=\"https:\/\/piksel.ee\/arno\/ramkool\/avaleht\/\" target=\"_blank\" rel=\"noreferrer noopener\">SIIN<\/a><\/strong><br>Rohkem infot: <a href=\"mailto:grand@omf.ee\">grand@omf.ee<\/a><\/p>\n\n\n\n<p><strong>AUTOKOOL 9.-12. KLASSILE<\/strong><br>Registreerimine: <a href=\"https:\/\/forms.gle\/ncWXrdYqXLcN2MTy8\" target=\"_blank\" rel=\"noreferrer noopener\">https:\/\/forms.gle\/ncWXrdYqXLcN2MTy8<\/a><br>Esimene kohtumine toimub <strong>29. septembril kell 16.00 ruumis H01<\/strong>. J\u00e4rgmised kohtumised <strong>06.10.2025 kell 16:00 ja 03.11.2025 kell 16:00.<\/strong><br><br>B-kategooria kursus RaM Kooli \u00f5pilastele hinnaga: 960 eurot + km. Tasuda saab ka osade kaupa.<br>\u00d5ppes\u00f5idud algavad Rocca al Marest, Unibet Arena esiselt v\u00e4ljakult v\u00f5i selle vastas asuvast Circle K tanklast, v\u00f5imalusel ka RaM kooli juurest. \u00d5ppida saab nii manuaal- kui automaatk\u00e4igukastiga \u00f5ppeautodel.<br>S\u00f5idutundides osalemiseks on vajalik autojuhi terviset\u00f5end: <a href=\"https:\/\/liikluslab.ee\/tervisetoend\" target=\"_blank\" rel=\"noreferrer noopener\">https:\/\/liikluslab.ee\/tervisetoend<\/a><\/p>\n\n\n\n<p>Autokooli hinnas sisaldub:<\/p>\n\n\n\n<p>1. Kolm 1,5. tunnist loengut (RaM Kooli \u00f5pilastele RaM Kooli klassiruumis),<br>2. Personaalsed konsultatsioonid (vajadusel ja \u00f5pilase soovi korral),<br>3. Liikluslab.ee \u00f5ppekeskkonna kasutamine 3 kuud (programm on kohustuslik),<br>4. Autokooli teooriaeksam (korduseksamid tasuta),<br>5. 28 s\u00f5idutundi vastavalt kinnitatud \u00f5ppekavale, sh \u00fcks autokooli s\u00f5idueksam,<br>6. \u00d5ppedokumentatsiooni vormistamine Transpordiametis ja autokoolis.<br><\/p>\n\n\n\n<p>Autokooli l\u00f5petamiseks tuleb kursuse l\u00f5pusirgel olles l\u00e4bida:<\/p>\n\n\n\n<p>1. Algastme libedas\u00f5idu koolitus. Hind 2025\/26 aastal: 80 eurot,<br>\u00d5ppet\u00f6\u00f6 maht: 2 teoorialoengut ja 1 s\u00f5idutund.<br>2. Pimeda aja s\u00f5idukoolitus. Hind 2025\/26 aastal: 80 eurot.<br>\u00d5ppet\u00f6\u00f6 maht: 1 teoorialoeng ja 1 s\u00f5idutund (pimedal ajal valgustamata teedel, valgel ajal simulaatoril).<br>3. Mootors\u00f5idukijuhi 16. tunnine esmaabi koolitus. (Meie koost\u00f6\u00f6partner on Eesti Punane Rist). Hind vastavalt Eesti Punase Risti hinnakirjale: <a href=\"https:\/\/redcross.ee\/hinnakiri\" target=\"_blank\" rel=\"noreferrer noopener\">https:\/\/redcross.ee\/hinnakiri<\/a><br>Aktsepteerime ka RaM koolis valikainena l\u00e4bitud esmaabikoolitust.<br><\/p>\n\n\n\n<p class=\"has-medium-font-size\"><\/p>\n\n\n\n<h2 class=\"wp-block-heading\">TASUTA HUVITEGEVUS RAMKOOLIS<\/h2>\n\n\n\n<p><strong>MUDILASKOOR 3.-4. klassile<\/strong><br>3.\u20134. klassi kooris on lastel v\u00f5imalus arendada oma muusikalisi oskusi, nautida laulmist ja tunda r\u00f5\u00f5mu \u00fchisest musitseerimisest. Kooris keskendume \u00f5igele hingamisele, vaba ja loomuliku laulmise arendamisele, toetudes iga h\u00e4\u00e4le individuaalsetele omadustele. Lauljad jaotatakse I ja II h\u00e4\u00e4leks, mis v\u00f5imaldab liikuda \u00fcheh\u00e4\u00e4lsest laulmisest kaheh\u00e4\u00e4lsuse suunas. See annab v\u00f5imaluse kogeda rikkalikumat ja mitmekesisemat helipilti, kus iga lapse h\u00e4\u00e4l omab oma kohta.<br>Koori tegevuses on oluline luua \u00fchtne v\u00e4\u00e4rtusruum, kus iga laulja tunnetab oma panust ja osaleb aktiivselt meeskonnat\u00f6\u00f6s. Kooris arendame koost\u00f6\u00f6oskusi, vastutustunnet ja efektiivset ajakasutust, kuid k\u00f5ige olulisem on, et lapsed tunneksid koorilaulust saadavat positiivset emotsiooni ja armastust muusika vastu.<br>Kooris laulmine ei ole vaid h\u00e4\u00e4leharjutuste tegemine \u2013 see on ka viis, kuidas edendada lastes isamaalisi v\u00e4\u00e4rtusi, lugupidamist rahvuskultuuri traditsioonide vastu ning soovi panustada nende s\u00e4ilimisse. Meie eesm\u00e4rk on, et igal lapsel oleks v\u00f5imalus osaleda koorilaulu traditsiooni edasikandmises ning kogeda koos \u00fchtekuuluvuse tunnet ja \u00f5nnestumise r\u00f5\u00f5mu.<\/p>\n\n\n\n<p>Proovid 14.20-15.10 esmasp\u00e4eviti (I h\u00e4\u00e4l), teisip\u00e4eviti (II h\u00e4\u00e4l) ja neljap\u00e4eviti (kogu koor)<br>Toimumiskoht: aula<br>Koorijuht Sille Freiman, kontsertmeister Hanna Renter<br>Tasuta<br>Rohkem infot ja registreerimine: <a href=\"mailto:sille.freiman@ramkool.edu.ee\" target=\"_blank\" rel=\"noreferrer noopener\"><strong>Sille.Freiman@ramkool.edu.ee<\/strong><\/a><\/p>\n\n\n\n<p><strong>LASTEKOOR 5.-8. KLASSILE<\/strong><br>Rocca al Mare Kooli lastekooris laulavad 5.\u20138. klassi \u00f5pilased, keda \u00fchendab r\u00f5\u00f5m laulmisest ja soov \u00fcheskoos laval s\u00e4rada. Koor on koht, kus saab arendada oma vokaalseid oskuseid ja muusikalist kuulmist, kogeda \u00fchist muusikalist energiat ning leida s\u00f5pru, kellega koos jagada r\u00f5\u00f5mu 3-h\u00e4\u00e4lsest laulust.<br>Lastekoor esineb kooli t\u00e4htsamatel \u00fcritustel \u2013 j\u00f5uluteenistusel ja kevadfestivalil \u2013 ning astub \u00fcles ka v\u00e4ljaspool kooli, hoides ja j\u00e4tkates Eesti koorilaulutraditsiooni. Suured eesm\u00e4rgid, nagu laulupidu, annavad kooriteele erilise s\u00e4ra ja motivatsiooni.<br>Meie kooris peetakse lugu heast muusikast ja r\u00f5\u00f5msast seltskonnast, naudime nii koorimuusika klassikalisi teoseid kui ka kaasaegset, kergemat repertuaari.<\/p>\n\n\n\n<p>Proovid kell 15.20-16.00 esmasp\u00e4eviti (kogu koor), kolmap\u00e4eviti (I h\u00e4\u00e4l) ja neljap\u00e4eviti (II ja III h\u00e4\u00e4l)<br>Koorijuht Sille Freiman, koormeister Hanna Renter<br>Tasuta<br>Rohkem infot: <a href=\"mailto:Sille.Freiman@ramkool.edu.ee\" target=\"_blank\" rel=\"noreferrer noopener\"><strong>Sille.Freiman@ramkool.edu.ee<\/strong><\/a><\/p>\n\n\n\n<p><strong>NOORTEKOOR 9.-12. KLASSILE<\/strong><br>Noortekooris laulavad 9.-12. klassi neiud ja noormehed, kellel on s\u00fcgavam huvi koosmusitseerimise vastu ning soov panustada nii Rocca al Mare Kooli ja selle kaudu ka kogu Eesti kooritraditsiooni hoidmisse ning j\u00e4tkusuutlikkusse. Koorilaul kui musitseerimisvorm aitab kaasa sisemiselt harmoonilise isiksuse kujunemisprotsessile, tasakaalustab emotsionaalset arengut, rikastab tundemaailma, pakub r\u00f5\u00f5mu ja toetab elukestva harrastuse teket.<br>Noortekooris v\u00e4\u00e4rtustatakse head muusikat ja head seltskonda ega peljata pingutust kvaliteetse tulemuse nimel. Juhindutakse p\u00f5him\u00f5ttest, et nii nagu koolis, on ka kooris iga\u00fcks m\u00f5tte, s\u00f5na ja teoga hea \u00f5hkkonna looja ja hoidja.<br>Lisav\u00e4\u00e4rtus: osalemine \u00fche hooaja v\u00e4ltel koori aktiivse tegevliikmena annab g\u00fcmnaasiuminoorele v\u00f5imaluse vormistada oma panus valikkursusena (varia-kursus).<br>Sopran v\u00f5i alt, tenor v\u00f5i bass \u2013 oled v\u00e4ga oodatud!<\/p>\n\n\n\n<p>Proov reedeti 14.30-16.00 aulas<br>Koorijuht Helerin Lehtla, koormeister Ave Tuhkur<br>Esimene proov 19. septembril<br>Tasuta<br>Rohkem infot: <strong><a href=\"mailto:Helerin.Lehtla@ramkool.edu.ee\" target=\"_blank\" rel=\"noreferrer noopener\">Helerin.Lehtla@ramkool.edu.ee<\/a><\/strong><\/p>\n\n\n\n<p><strong>UNICORN SQUAD PROGRAMM 3. ja 4. KLASSI T\u00dcDRUKUTELE<\/strong><br>HK Unicorn Squad on ainult t\u00fcdrukutele m\u00f5eldud huvialaring, mille eesm\u00e4rgiks on \u00e4ratada t\u00fcdrukute huvi tehnoloogia, loogilise m\u00f5tlemise ja meeskonnat\u00f6\u00f6 vastu. Tegemist on inspireeriva ja m\u00e4ngulise programmiga, mis aitab t\u00fcdrukutel enesekindlust kasvatada, avastada enda jaoks teaduse ja tehnika p\u00f5nevat maailma ning seda keskkonnas, tempos ja vormis, mis just t\u00fcdrukutele sobib. Loe programmi kohta: https:\/\/unicornsquad.ee\/<br>Huviringis osalemine on \u00f5pilastele tasuta.<\/p>\n\n\n\n<p>3. klassi tunnid (1,5h\/kord) toimuvad kord n\u00e4dalas neljap\u00e4eviti kell 15:15 ruumis C22. T\u00e4psem info ja registreerumine: <strong><a href=\"mailto:kati.treimann@gmail.com\" target=\"_blank\" rel=\"noreferrer noopener\">kati.treimann@gmail.com<\/a><\/strong><br>4. klassi tunnid toimuvad reedeti kell 17:30 ruumis B13. T\u00e4psem info ja registreerumine: <strong><a href=\"mailto:katri_link@hotmail.com\" target=\"_blank\" rel=\"noreferrer noopener\">katri_link@hotmail.com<\/a><\/strong><\/p>\n\n\n\n<p><strong>NUPUTAMISRING 6. KLASSILE<\/strong><br>Teisip\u00e4eviti kell 15.15 \u2013 16.00 toimub matemaatikahuvilistele \u00f5pilastele nuputamisring, kus lahendame erinevaid nuputamis \u2013 ja loogika\u00fclesandeid. \u00dclesannete kallal saab pusida ise v\u00f5i koos paarilisega, arutame l\u00e4bi erinevaid lahendusi. Tegeleme ka ettevalmistusega \u00f5pilasv\u00f5istlusteks: ol\u00fcmpiaadid, Nuputa v\u00f5istlus, K\u00e4nguru.<br>Osalemine on \u00f5pilastele tasuta.<br>Registreerumiseks v\u00f5tta Stuudiumi teel \u00fchendust \u00f5petaja Reet Lainojaga.<\/p>\n","protected":false},"excerpt":{"rendered":"<p>Huviringidesse registreerimine algab 1. septembril ARNO s\u00fcsteemis.Huviringid<\/p>\n","protected":false},"author":1,"featured_media":1486,"parent":1104,"menu_order":10,"comment_status":"closed","ping_status":"closed","template":"","meta":{"_acf_changed":false,"footnotes":""},"class_list":["post-1049","page","type-page","status-publish","has-post-thumbnail","hentry"],"acf":[],"_links":{"self":[{"href":"https:\/\/ramkool.edu.ee\/huvikool\/wp-json\/wp\/v2\/pages\/1049","targetHints":{"allow":["GET"]}}],"collection":[{"href":"https:\/\/ramkool.edu.ee\/huvikool\/wp-json\/wp\/v2\/pages"}],"about":[{"href":"https:\/\/ramkool.edu.ee\/huvikool\/wp-json\/wp\/v2\/types\/page"}],"author":[{"embeddable":true,"href":"https:\/\/ramkool.edu.ee\/huvikool\/wp-json\/wp\/v2\/users\/1"}],"replies":[{"embeddable":true,"href":"https:\/\/ramkool.edu.ee\/huvikool\/wp-json\/wp\/v2\/comments?post=1049"}],"version-history":[{"count":119,"href":"https:\/\/ramkool.edu.ee\/huvikool\/wp-json\/wp\/v2\/pages\/1049\/revisions"}],"predecessor-version":[{"id":2790,"href":"https:\/\/ramkool.edu.ee\/huvikool\/wp-json\/wp\/v2\/pages\/1049\/revisions\/2790"}],"up":[{"embeddable":true,"href":"https:\/\/ramkool.edu.ee\/huvikool\/wp-json\/wp\/v2\/pages\/1104"}],"wp:featuredmedia":[{"embeddable":true,"href":"https:\/\/ramkool.edu.ee\/huvikool\/wp-json\/wp\/v2\/media\/1486"}],"wp:attachment":[{"href":"https:\/\/ramkool.edu.ee\/huvikool\/wp-json\/wp\/v2\/media?parent=1049"}],"curies":[{"name":"wp","href":"https:\/\/api.w.org\/{rel}","templated":true}]}}