{"id":1076,"date":"2015-09-02T10:18:12","date_gmt":"2015-09-02T09:18:12","guid":{"rendered":"http:\/\/ramkool.edu.ee\/site\/?page_id=1076"},"modified":"2025-06-19T09:45:32","modified_gmt":"2025-06-19T06:45:32","slug":"vastuvott","status":"publish","type":"page","link":"https:\/\/ramkool.edu.ee\/huvikool\/muusikakool\/vastuvott\/","title":{"rendered":"Vastuv\u00f5tt"},"content":{"rendered":"<div class=\"content-wrapper\">\n<div class=\"content\">\n<div class=\"column-2\">\n<div class=\"freetext\">\n<p>Rocca al Mare Muusikakooli astumiseks katseid ei ole. Muusikakooli astumine on vaba iga\u00fchele, s\u00f5ltumata soovija vanusest ja eelnevast pillim\u00e4ngu- v\u00f5i laulukogemusest.<\/p>\n<p><strong>Alates 2025\/2026. \u00f5ppeaastast on muusikakooli esimesel aastal nii vaba- kui p\u00f5hi\u00f5ppes solfed\u017eo kohustuslik<\/strong> (edaspidi soovituslik).<\/p>\n<p>Esimese aasta solfed\u017eo toimub hommikuti enne koolip\u00e4eva 8.10-8.50, n\u00e4dalap\u00e4ev t\u00e4psustub septembriks. Kohustusliku solfed\u017eo tasu on 30\u20ac\/kuus.<\/p>\n<p>P\u00f5hi\u00f5ppe II v\u00f5i vanemasse klassi astumiseks tuleb esitada Rocca al Mare Muusikakooli eelmise klassi eksamin\u00f5uetega v\u00f5rreldav kava ning soovitavalt tunnistus koolilt, kus viimati muusikat on \u00f5pitud.<\/p>\n<p>Registreerimiseks ja \u00f5ppet\u00f6\u00f6 ladusaks korraldamiseks palume t\u00e4ita nii uute huviliste kui ka juba muusikakoolis \u00f5ppivate \u00f5pilaste vanematel j\u00e4rgnev ankeet <span style=\"color: #3366ff\"><strong><a style=\"color: #3366ff\" href=\"https:\/\/piksel.ee\/arno\/ramkool\" target=\"_blank\" rel=\"noopener noreferrer\">SIIN<\/a><\/strong><\/span><\/p>\n<\/div>\n<\/div>\n<\/div>\n<\/div>\n\n\n<figure class=\"wp-block-image size-full is-resized\"><a href=\"https:\/\/ramkool.edu.ee\/huvikool\/wp-content\/uploads\/sites\/6\/2025\/06\/Photo-05-\u2013-koopia.jpg\" data-rel=\"lightbox-image-0\" data-rl_title=\"\" data-rl_caption=\"\" title=\"\"><img loading=\"lazy\" decoding=\"async\" width=\"529\" height=\"661\" src=\"https:\/\/ramkool.edu.ee\/huvikool\/wp-content\/uploads\/sites\/6\/2025\/06\/Photo-05-\u2013-koopia.jpg\" alt=\"\" class=\"wp-image-2642\" style=\"width:427px;height:auto\" srcset=\"https:\/\/ramkool.edu.ee\/huvikool\/wp-content\/uploads\/sites\/6\/2025\/06\/Photo-05-\u2013-koopia.jpg 529w, https:\/\/ramkool.edu.ee\/huvikool\/wp-content\/uploads\/sites\/6\/2025\/06\/Photo-05-\u2013-koopia-240x300.jpg 240w\" sizes=\"auto, (max-width: 529px) 100vw, 529px\" \/><\/a><\/figure>\n\n\n\n<p><\/p>\n\n\n\n<p>Lisainfo: eneken.moorlat@ramkool.edu.ee<\/p>\n\n\n\n<p><\/p>\n","protected":false},"excerpt":{"rendered":"<p>Rocca al Mare Muusikakooli astumiseks katseid ei<\/p>\n","protected":false},"author":1,"featured_media":1077,"parent":1069,"menu_order":70,"comment_status":"closed","ping_status":"closed","template":"","meta":{"_acf_changed":false,"footnotes":""},"class_list":["post-1076","page","type-page","status-publish","has-post-thumbnail","hentry"],"acf":[],"_links":{"self":[{"href":"https:\/\/ramkool.edu.ee\/huvikool\/wp-json\/wp\/v2\/pages\/1076","targetHints":{"allow":["GET"]}}],"collection":[{"href":"https:\/\/ramkool.edu.ee\/huvikool\/wp-json\/wp\/v2\/pages"}],"about":[{"href":"https:\/\/ramkool.edu.ee\/huvikool\/wp-json\/wp\/v2\/types\/page"}],"author":[{"embeddable":true,"href":"https:\/\/ramkool.edu.ee\/huvikool\/wp-json\/wp\/v2\/users\/1"}],"replies":[{"embeddable":true,"href":"https:\/\/ramkool.edu.ee\/huvikool\/wp-json\/wp\/v2\/comments?post=1076"}],"version-history":[{"count":21,"href":"https:\/\/ramkool.edu.ee\/huvikool\/wp-json\/wp\/v2\/pages\/1076\/revisions"}],"predecessor-version":[{"id":2717,"href":"https:\/\/ramkool.edu.ee\/huvikool\/wp-json\/wp\/v2\/pages\/1076\/revisions\/2717"}],"up":[{"embeddable":true,"href":"https:\/\/ramkool.edu.ee\/huvikool\/wp-json\/wp\/v2\/pages\/1069"}],"wp:featuredmedia":[{"embeddable":true,"href":"https:\/\/ramkool.edu.ee\/huvikool\/wp-json\/wp\/v2\/media\/1077"}],"wp:attachment":[{"href":"https:\/\/ramkool.edu.ee\/huvikool\/wp-json\/wp\/v2\/media?parent=1076"}],"curies":[{"name":"wp","href":"https:\/\/api.w.org\/{rel}","templated":true}]}}