{"id":50,"date":"2021-11-28T10:41:39","date_gmt":"2021-11-28T10:41:39","guid":{"rendered":"https:\/\/ramkool.edu.ee\/kodukool\/?page_id=50"},"modified":"2021-12-08T12:39:07","modified_gmt":"2021-12-08T12:39:07","slug":"kodukool-lugu","status":"publish","type":"page","link":"https:\/\/ramkool.edu.ee\/kodukool\/kodukool-lugu\/","title":{"rendered":"Kodukool"},"content":{"rendered":"<p>Unistused muudavad maailma ja nii sai ka \u00fchest unistusest alguse Rocca al Mare kool Hispaania p\u00e4ikese all ja sealt edasi ise\u00f5pe Rocca al Mare koolis.<\/p>\n<p>T\u00e4nane maailm on \u00fcha avatum ja valikuterohkem. See pakub v\u00f5imalust osa saada k\u00f5igest suurest, mis meie \u00fcmber on. See omakorda loob \u00f5iged tingimused selleks, et ka hariduse k\u00e4ttesaadavus oleks kohanemisv\u00f5imelisem ja l\u00e4htuks vajadusp\u00f5hisest \u00f5piteest, mis iga\u00fchel just omamoodi.<\/p>\n<p>Loodud \u00f5ppekeskus ja juhitud ise\u00f5pe on suunatud k\u00f5ikidele \u00f5pilastele, kes tunnevad huvi paindlikuma \u00f5ppekorralduse vastu, on k\u00f5rgema tahtepanuse ja \u00f5hinaga, tegelevad v\u00f5istlustasemel spordiga v\u00f5i viibivad muul p\u00f5hjusel pikemalt koolist eemal.<\/p>\n<p>T\u00e4naseks p\u00e4evaks on sellest v\u00e4lja kasvanud RaM ise\u00f5ppekeskus, millega saavad liituda k\u00f5ik \u00f5pihimulised 1.-9.klassi \u00f5pilased.<\/p>\n","protected":false},"excerpt":{"rendered":"<p>Unistused muudavad maailma ja nii sai ka<\/p>\n","protected":false},"author":1,"featured_media":162,"parent":0,"menu_order":2,"comment_status":"closed","ping_status":"closed","template":"","meta":{"_acf_changed":false,"footnotes":""},"class_list":["post-50","page","type-page","status-publish","has-post-thumbnail","hentry"],"acf":[],"_links":{"self":[{"href":"https:\/\/ramkool.edu.ee\/kodukool\/wp-json\/wp\/v2\/pages\/50","targetHints":{"allow":["GET"]}}],"collection":[{"href":"https:\/\/ramkool.edu.ee\/kodukool\/wp-json\/wp\/v2\/pages"}],"about":[{"href":"https:\/\/ramkool.edu.ee\/kodukool\/wp-json\/wp\/v2\/types\/page"}],"author":[{"embeddable":true,"href":"https:\/\/ramkool.edu.ee\/kodukool\/wp-json\/wp\/v2\/users\/1"}],"replies":[{"embeddable":true,"href":"https:\/\/ramkool.edu.ee\/kodukool\/wp-json\/wp\/v2\/comments?post=50"}],"version-history":[{"count":4,"href":"https:\/\/ramkool.edu.ee\/kodukool\/wp-json\/wp\/v2\/pages\/50\/revisions"}],"predecessor-version":[{"id":154,"href":"https:\/\/ramkool.edu.ee\/kodukool\/wp-json\/wp\/v2\/pages\/50\/revisions\/154"}],"wp:featuredmedia":[{"embeddable":true,"href":"https:\/\/ramkool.edu.ee\/kodukool\/wp-json\/wp\/v2\/media\/162"}],"wp:attachment":[{"href":"https:\/\/ramkool.edu.ee\/kodukool\/wp-json\/wp\/v2\/media?parent=50"}],"curies":[{"name":"wp","href":"https:\/\/api.w.org\/{rel}","templated":true}]}}