{"id":1348,"date":"2015-09-07T14:34:01","date_gmt":"2015-09-07T13:34:01","guid":{"rendered":"http:\/\/ramkool.edu.ee\/site\/lasteaed\/?page_id=1348"},"modified":"2025-01-30T16:38:21","modified_gmt":"2025-01-30T14:38:21","slug":"tunnustus","status":"publish","type":"page","link":"https:\/\/ramkool.edu.ee\/lasteaed\/meie-maja\/tunnustus\/","title":{"rendered":"Tunnustus"},"content":{"rendered":"<p>Rocca al Mare Kooli Veskim\u00f6ldre Lasteaia hoone p\u00e4lvis aastal 2004 Aasta Betoonehitise eriauhinna.<\/p>\n<p>Aastal 2012 p\u00e4lvisime Tartu \u00dclikooli eetikakeskuse poolt v\u00e4lja antava \u201cV\u00e4\u00e4rtuskasvatuse lasteaia\u201d aunimetuse. Tiitli t\u00f5i meeskonnat\u00f6\u00f6na valminud, lasteaia ja kodu koost\u00f6\u00f6le keskenduv projekt, mille pealkirjaks Saint-Exupery tsitaat \u201cAinult s\u00fcdamega n\u00e4ed h\u00e4sti, t\u00e4htis on silmale n\u00e4htamatu\u201d.<\/p>\n<p>Riiklik sisehindamise n\u00f5unik Ruth Koit on Veskim\u00f6ldre lasteaia kohta \u00f6elnud j\u00e4rgmist: \u201e\u00d5ppeasutuse tugevused, sealhulgas erip\u00e4ra, v\u00f5iksid olla eeskujuks teistele \u00f5ppeasutustele.\u201c<\/p>\n<p>Sama t\u00e4htis on meile ka vanemate tunnustus.<br \/>\u201eSuur t\u00e4nu, et \u00f5petajad ja ka \u00fclej\u00e4\u00e4nud t\u00f6\u00f6tajad suudavad pakkuda meeldiva ja turvalise tunde, et laps on alati kindlates k\u00e4tes!\u201c<\/p>\n\n\n<p><\/p>\n","protected":false},"excerpt":{"rendered":"<p>Rocca al Mare Kooli Veskim\u00f6ldre Lasteaia hoone<\/p>\n","protected":false},"author":2,"featured_media":1667,"parent":744,"menu_order":22,"comment_status":"closed","ping_status":"closed","template":"","meta":{"_acf_changed":false,"footnotes":""},"class_list":["post-1348","page","type-page","status-publish","has-post-thumbnail","hentry"],"acf":[],"_links":{"self":[{"href":"https:\/\/ramkool.edu.ee\/lasteaed\/wp-json\/wp\/v2\/pages\/1348","targetHints":{"allow":["GET"]}}],"collection":[{"href":"https:\/\/ramkool.edu.ee\/lasteaed\/wp-json\/wp\/v2\/pages"}],"about":[{"href":"https:\/\/ramkool.edu.ee\/lasteaed\/wp-json\/wp\/v2\/types\/page"}],"author":[{"embeddable":true,"href":"https:\/\/ramkool.edu.ee\/lasteaed\/wp-json\/wp\/v2\/users\/2"}],"replies":[{"embeddable":true,"href":"https:\/\/ramkool.edu.ee\/lasteaed\/wp-json\/wp\/v2\/comments?post=1348"}],"version-history":[{"count":7,"href":"https:\/\/ramkool.edu.ee\/lasteaed\/wp-json\/wp\/v2\/pages\/1348\/revisions"}],"predecessor-version":[{"id":5107,"href":"https:\/\/ramkool.edu.ee\/lasteaed\/wp-json\/wp\/v2\/pages\/1348\/revisions\/5107"}],"up":[{"embeddable":true,"href":"https:\/\/ramkool.edu.ee\/lasteaed\/wp-json\/wp\/v2\/pages\/744"}],"wp:featuredmedia":[{"embeddable":true,"href":"https:\/\/ramkool.edu.ee\/lasteaed\/wp-json\/wp\/v2\/media\/1667"}],"wp:attachment":[{"href":"https:\/\/ramkool.edu.ee\/lasteaed\/wp-json\/wp\/v2\/media?parent=1348"}],"curies":[{"name":"wp","href":"https:\/\/api.w.org\/{rel}","templated":true}]}}