{"id":1377,"date":"2015-09-07T14:46:20","date_gmt":"2015-09-07T13:46:20","guid":{"rendered":"http:\/\/ramkool.edu.ee\/site\/lasteaed\/?page_id=1377"},"modified":"2025-08-28T10:54:43","modified_gmt":"2025-08-28T07:54:43","slug":"huviringid","status":"publish","type":"page","link":"https:\/\/ramkool.edu.ee\/lasteaed\/lasteaiaelu\/huviringid\/","title":{"rendered":"Huviringid"},"content":{"rendered":"<p><b>2025\/2026 \u00f5ppeaastal lasteaias toimuvad huviringid<br \/><\/b><em>K\u00f5ikide huviringide tasust tagastatakse tulumaks.<\/em><\/p>\n<p><strong>LIIVI LISTRA MUUSIKASTUUDIO<br \/><\/strong>Juhendaja on Liivi Listra<br \/>Muusikastuudio ootab poisse ja t\u00fcdrukuid muusikaga s\u00f5braks saama. Tunnis lapsed tutvuvad erinevate r\u00fctmipillidega, \u00f5pivad vahvaid laule, arendavad r\u00fctmitaju ning m\u00e4ngivad laulum\u00e4nge.<br \/>Tunnid toimuvad 2 korda n\u00e4dalas (8 korda kuus).<br \/>Esmasp\u00e4eval ja neljap\u00e4eval<br \/>14.45- 15.20\u00a0 5.-6.aastased<br \/>15.45- 16.15\u00a0 \u00a03.-4.aastased<br \/>Kuutasu 60 \u20ac<br \/>Kontakt: liivilistra@gmail.com<\/p>\n<p><strong>INGLISE KEEL<\/strong><br \/>Inglise keele tunde viib l\u00e4bi \u00f5petaja Pille Kasuk Tommy m\u00e4ngukoolist.<br \/>Esimesed teadmised inglise keelest saavad lapsed l\u00e4bi mitmek\u00fclgse tegevuse \u2013\u00a0 m\u00e4ngides ja lauldes, pilte vaadates ja luuletusi \u00f5ppides. Lapsi ootame vanuses 4-7-aastat.<br \/>Tunnid toimuvad teisip\u00e4eviti kell 15.00-15.50.<br \/>Kuutasu koos k\u00e4ibemaksuga 38 \u20ac \/ koondmakse poolaastas 34 \u20ac \/ Hinna sees on \u00f5ppematerjal.<br \/>Kontakt: pille@tommykool.ee<\/p>\n<p><strong>JUDO<\/strong><br \/>Treeningut viib l\u00e4bi judoklubi Atar treener Madis J\u00f5earu. <br \/>Judotrenn on koht, kus oma \u00fcleliigne energia v\u00e4lja elada, aga samas olla ka distsiplineeritud ja k\u00e4ituda kindlatele reeglitele vastavalt. Kindlasti toetab judo ka vaimset ja emotsionaalset kasvamist. <br \/>Trenni ootame 4-6-aastaseid lapsi.<br \/>Treeningud toimuvad \u00fcks korda n\u00e4dalas,\u00a0 kolmap\u00e4eval kell 15.00-15.45.<br \/>Kuutasu on 32 \u20ac. <br \/>Kontkat: glen@atari.ee<\/p>\n<p><strong>JALGPALL<\/strong><br \/>Treeninguid viib l\u00e4bi Harju Jalgpallikooli treener Kevin Tiitso.<br \/>Treeningud 4-7-aastastele lastele toimuvad esmasp\u00e4eviti 11.40-12.10. Registreeruda saab jalgpallikooli kodulehel.<br \/>Kuutasu 32 \u20ac <br \/>Kontakt: info@harjujk.ee<\/p>\n<p><strong>PILLI\u00d5PE<br \/><\/strong>\u00d5petaja Piret\u00a0Hansen.<br \/>Pilli\u00f5ppes saab laps tutvuda pillim\u00e4ngu p\u00f5hioskustega ning \u00f5ppida lihtsamaid palasid. \u00d5pe on eelk\u00f5ige vanust arvestav ja m\u00e4nguline. Eesm\u00e4rgiks on, et laps tunneks end oma pilli seltsis vabalt ja loovalt.<br \/>\u00d5ppida saab:<br \/>klaverit &#8211; alates 5 a<br \/>viisikannelt &#8211; alates 4 a<br \/>Tunnid toimuvad individuaal\u00f5ppena \u00fcks kord n\u00e4dalas (4 korda kuus). Tundide ajad lepib \u00f5petaja lapsevanemaga individuaalselt kokku.<br \/>Kuutasu 105 \u20ac.<br \/>Kontakt: piret.hansen@ramlasteaed.ee<\/p>\n<p><strong>KOKANDUSRING<br \/><\/strong>Ringi juhendaja Mirjam Petai.<br \/>Selles p\u00f5nevas huviringis saavad k\u00f5ik v\u00e4ikesed kokkamishuvilised inimesed k\u00e4ed jahuseks teha, sest siin saab omal k\u00e4el valmistada midagi maitsvat! Proovime, maitseme ja avastame koos kokandusmaailma.\u00a0<br \/>Kokandusringi ootame 4-7-aastasi lapsi. <br \/>Ring toimub \u00fcks kord n\u00e4dalas, kolmap\u00e4eval kl 13.30 (neli korda kuus).<br \/>Kuutasu 65\u20ac.<br \/>Kontakt: mirjampetai@gmail.com<\/p>\n<p><strong>ROBOOTIKA<br \/><\/strong>Ringi juhendaja on Christine Elisabeth Rikma.<br \/>\u00d5pime ise asju looma ja arendama, projekteerima ja konstrueerima, programmeerima ning leiutama. Robootika arendab lapse loovust, t\u00e4helepanu, t\u00e4psust ja p\u00fcsivust. <br \/>Huviringi ootame 4-6-aastaseid lapsi. <br \/>Ring toimub teisip\u00e4eval kell 13.30.<br \/>Kuutasu 38\u20ac.<br \/>Kontakt: christine.rikma@gmail.com<\/p>\n<p><strong>TANTSURING<br \/><\/strong>Tantsuringi viib l\u00e4bi Tantsuklubi MER Stuudio treener Merike Kens.<br \/><span style=\"font-size: revert;color: initial\">P\u00f5nevatesse tantsutreeningutesse on oodatud 3-6-aastased poisid ja t\u00fcdrukud. <br \/><\/span><span style=\"font-size: revert;color: initial\">Tantsutund toimub \u00fcks kord n\u00e4dalas, neljap\u00e4eviti kell 11.30-12.00.<br \/><\/span>Kuutasu 35 \u20ac.<br \/>Kontakt: info@merstuudio.ee<\/p>\n\n\n<p><\/p>\n","protected":false},"excerpt":{"rendered":"<p>2025\/2026 \u00f5ppeaastal lasteaias toimuvad huviringidK\u00f5ikide huviringide tasust<\/p>\n","protected":false},"author":2,"featured_media":1656,"parent":734,"menu_order":50,"comment_status":"closed","ping_status":"closed","template":"","meta":{"_acf_changed":false,"footnotes":""},"class_list":["post-1377","page","type-page","status-publish","has-post-thumbnail","hentry"],"acf":[],"_links":{"self":[{"href":"https:\/\/ramkool.edu.ee\/lasteaed\/wp-json\/wp\/v2\/pages\/1377","targetHints":{"allow":["GET"]}}],"collection":[{"href":"https:\/\/ramkool.edu.ee\/lasteaed\/wp-json\/wp\/v2\/pages"}],"about":[{"href":"https:\/\/ramkool.edu.ee\/lasteaed\/wp-json\/wp\/v2\/types\/page"}],"author":[{"embeddable":true,"href":"https:\/\/ramkool.edu.ee\/lasteaed\/wp-json\/wp\/v2\/users\/2"}],"replies":[{"embeddable":true,"href":"https:\/\/ramkool.edu.ee\/lasteaed\/wp-json\/wp\/v2\/comments?post=1377"}],"version-history":[{"count":114,"href":"https:\/\/ramkool.edu.ee\/lasteaed\/wp-json\/wp\/v2\/pages\/1377\/revisions"}],"predecessor-version":[{"id":5362,"href":"https:\/\/ramkool.edu.ee\/lasteaed\/wp-json\/wp\/v2\/pages\/1377\/revisions\/5362"}],"up":[{"embeddable":true,"href":"https:\/\/ramkool.edu.ee\/lasteaed\/wp-json\/wp\/v2\/pages\/734"}],"wp:featuredmedia":[{"embeddable":true,"href":"https:\/\/ramkool.edu.ee\/lasteaed\/wp-json\/wp\/v2\/media\/1656"}],"wp:attachment":[{"href":"https:\/\/ramkool.edu.ee\/lasteaed\/wp-json\/wp\/v2\/media?parent=1377"}],"curies":[{"name":"wp","href":"https:\/\/api.w.org\/{rel}","templated":true}]}}