{"id":728,"date":"2015-08-24T23:16:51","date_gmt":"2015-08-24T20:16:51","guid":{"rendered":"http:\/\/thelooks.ee\/ram\/?page_id=728"},"modified":"2015-10-18T16:19:37","modified_gmt":"2015-10-18T13:19:37","slug":"meile-tahtis","status":"publish","type":"page","link":"https:\/\/ramkool.edu.ee\/lasteaed\/meile-tahtis\/","title":{"rendered":"Meile t\u00e4htis"},"content":{"rendered":"<p>V\u00e4ikese lapse jaoks on lasteaias v\u00e4ga palju t\u00e4htsaid asju \u2013 v\u00e4ikesed ja suured kaaslased, m\u00e4ngud ja tegemised, lemmiklood ja -laulud. K\u00f5ige t\u00e4htsam on aga r\u00f5\u00f5m, hea tuju ja tunne, et just mina olen t\u00e4htis, oluline, armas.<br \/>\nOn veel hulk pisiasju, mis t\u00e4idavad lapse p\u00e4evad kindlustundega, kogemusega, et temast hoolitakse, teda hoitakse. Need lihtsad, igap\u00e4evased, aga v\u00e4ga t\u00e4htsad \u00e4ratundmised teevadki meie lasteaia eriliseks \u2013 seda on v\u00e4itnud k\u00fcmned ja k\u00fcmned lapsevanemad.<\/p>\n","protected":false},"excerpt":{"rendered":"<p>V\u00e4ikese lapse jaoks on lasteaias v\u00e4ga palju<\/p>\n","protected":false},"author":1,"featured_media":1646,"parent":0,"menu_order":10,"comment_status":"open","ping_status":"closed","template":"","meta":{"_acf_changed":false,"footnotes":""},"class_list":["post-728","page","type-page","status-publish","has-post-thumbnail","hentry"],"acf":[],"_links":{"self":[{"href":"https:\/\/ramkool.edu.ee\/lasteaed\/wp-json\/wp\/v2\/pages\/728","targetHints":{"allow":["GET"]}}],"collection":[{"href":"https:\/\/ramkool.edu.ee\/lasteaed\/wp-json\/wp\/v2\/pages"}],"about":[{"href":"https:\/\/ramkool.edu.ee\/lasteaed\/wp-json\/wp\/v2\/types\/page"}],"author":[{"embeddable":true,"href":"https:\/\/ramkool.edu.ee\/lasteaed\/wp-json\/wp\/v2\/users\/1"}],"replies":[{"embeddable":true,"href":"https:\/\/ramkool.edu.ee\/lasteaed\/wp-json\/wp\/v2\/comments?post=728"}],"version-history":[{"count":3,"href":"https:\/\/ramkool.edu.ee\/lasteaed\/wp-json\/wp\/v2\/pages\/728\/revisions"}],"predecessor-version":[{"id":1503,"href":"https:\/\/ramkool.edu.ee\/lasteaed\/wp-json\/wp\/v2\/pages\/728\/revisions\/1503"}],"wp:featuredmedia":[{"embeddable":true,"href":"https:\/\/ramkool.edu.ee\/lasteaed\/wp-json\/wp\/v2\/media\/1646"}],"wp:attachment":[{"href":"https:\/\/ramkool.edu.ee\/lasteaed\/wp-json\/wp\/v2\/media?parent=728"}],"curies":[{"name":"wp","href":"https:\/\/api.w.org\/{rel}","templated":true}]}}