{"id":756,"date":"2015-08-24T23:25:09","date_gmt":"2015-08-24T20:25:09","guid":{"rendered":"http:\/\/thelooks.ee\/ram\/?page_id=756"},"modified":"2024-07-12T11:49:59","modified_gmt":"2024-07-12T08:49:59","slug":"folkloorinadal","status":"publish","type":"page","link":"https:\/\/ramkool.edu.ee\/lasteaed\/meie-maja\/traditsioonid\/folkloorinadal\/","title":{"rendered":"Veskim\u00f6ldre r\u00e4pp"},"content":{"rendered":"<p>Veskim\u00f6ldre lasteaias selgeks<\/p>\n<p>sain ma A.<\/p>\n<p>Kahjuks selles majas enam k\u00e4ia<\/p>\n<p>ma ei saa.<\/p>\n<p>Siin mul p\u00e4he pressiti mis \u00fcks ja<\/p>\n<p>kaks ja kolm,<\/p>\n<p>t\u00e4na minu kingadelt kaob lasteaiatolm.<\/p>\n<p>\u00d5petaja r\u00e4\u00e4kis mul<\/p>\n<p>mis on me kodumaa,<\/p>\n<p>\u00f5petajat kallist enam n\u00e4ha me<\/p>\n<p>ei saa.<\/p>\n<p>Enam pole kunstitundi, pintsleid<\/p>\n<p>ega v\u00e4rvi,<\/p>\n<p>enam ma ei aja oma<\/p>\n<p>\u00f5petajat n\u00e4rvi.<\/p>\n<p>Enam ei pea magama ja s\u00f6\u00f6ma<\/p>\n<p>ei pea ka,<\/p>\n<p>n\u00fc\u00fcd v\u00f5in terved p\u00e4evad olla<\/p>\n<p>ilma s\u00f6\u00f6mata.<\/p>\n<p>Aga pole r\u00f5\u00f5mus ma, vaid<\/p>\n<p>nukker on mu meel<\/p>\n<p>Veskim\u00f6ldre Lasteaeda j\u00e4\u00e4da<\/p>\n<p>tahaks veel!<\/p>\n","protected":false},"excerpt":{"rendered":"<p>Veskim\u00f6ldre lasteaias selgeks sain ma A. Kahjuks<\/p>\n","protected":false},"author":1,"featured_media":1660,"parent":748,"menu_order":40,"comment_status":"open","ping_status":"open","template":"","meta":{"_acf_changed":false,"footnotes":""},"class_list":["post-756","page","type-page","status-publish","has-post-thumbnail","hentry"],"acf":[],"_links":{"self":[{"href":"https:\/\/ramkool.edu.ee\/lasteaed\/wp-json\/wp\/v2\/pages\/756","targetHints":{"allow":["GET"]}}],"collection":[{"href":"https:\/\/ramkool.edu.ee\/lasteaed\/wp-json\/wp\/v2\/pages"}],"about":[{"href":"https:\/\/ramkool.edu.ee\/lasteaed\/wp-json\/wp\/v2\/types\/page"}],"author":[{"embeddable":true,"href":"https:\/\/ramkool.edu.ee\/lasteaed\/wp-json\/wp\/v2\/users\/1"}],"replies":[{"embeddable":true,"href":"https:\/\/ramkool.edu.ee\/lasteaed\/wp-json\/wp\/v2\/comments?post=756"}],"version-history":[{"count":7,"href":"https:\/\/ramkool.edu.ee\/lasteaed\/wp-json\/wp\/v2\/pages\/756\/revisions"}],"predecessor-version":[{"id":4691,"href":"https:\/\/ramkool.edu.ee\/lasteaed\/wp-json\/wp\/v2\/pages\/756\/revisions\/4691"}],"up":[{"embeddable":true,"href":"https:\/\/ramkool.edu.ee\/lasteaed\/wp-json\/wp\/v2\/pages\/748"}],"wp:featuredmedia":[{"embeddable":true,"href":"https:\/\/ramkool.edu.ee\/lasteaed\/wp-json\/wp\/v2\/media\/1660"}],"wp:attachment":[{"href":"https:\/\/ramkool.edu.ee\/lasteaed\/wp-json\/wp\/v2\/media?parent=756"}],"curies":[{"name":"wp","href":"https:\/\/api.w.org\/{rel}","templated":true}]}}