{"id":758,"date":"2015-08-24T23:25:29","date_gmt":"2015-08-24T20:25:29","guid":{"rendered":"http:\/\/thelooks.ee\/ram\/?page_id=758"},"modified":"2015-10-07T18:52:06","modified_gmt":"2015-10-07T15:52:06","slug":"sunnipaevarongkaik","status":"publish","type":"page","link":"https:\/\/ramkool.edu.ee\/lasteaed\/meie-maja\/traditsioonid\/sunnipaevarongkaik\/","title":{"rendered":"S\u00fcnnip\u00e4evarongk\u00e4ik"},"content":{"rendered":"<p>Lapsed sammuvad lillede, loosungite ja lauluga \u2013 see on Veskim\u00f6ldre lasteaia pikk, pidulik ja r\u00f5\u00f5mus rongk\u00e4ik. Igal aastal algab see lasteaia s\u00fcnnip\u00e4eval ehk 12. aprillil peale lipu heiskamist ja lasteaia laulu \u00fchist laulmist.<\/p>\n<p>L\u00e4heme koos Laagri alevikku, et \u00f6elda: \u201cVaadake meid, oleme r\u00f5\u00f5msad Veskim\u00f6ldre lasteaia lapsed!\u201c Rongk\u00e4igus k\u00e4ime s\u00fcnnip\u00e4evakomme pakkumas naaberlasteaias ja raamatukogus, kauplustes ja vallamajas.<\/p>\n","protected":false},"excerpt":{"rendered":"<p>Lapsed sammuvad lillede, loosungite ja lauluga \u2013<\/p>\n","protected":false},"author":1,"featured_media":1637,"parent":748,"menu_order":50,"comment_status":"open","ping_status":"open","template":"","meta":{"_acf_changed":false,"footnotes":""},"class_list":["post-758","page","type-page","status-publish","has-post-thumbnail","hentry"],"acf":[],"_links":{"self":[{"href":"https:\/\/ramkool.edu.ee\/lasteaed\/wp-json\/wp\/v2\/pages\/758","targetHints":{"allow":["GET"]}}],"collection":[{"href":"https:\/\/ramkool.edu.ee\/lasteaed\/wp-json\/wp\/v2\/pages"}],"about":[{"href":"https:\/\/ramkool.edu.ee\/lasteaed\/wp-json\/wp\/v2\/types\/page"}],"author":[{"embeddable":true,"href":"https:\/\/ramkool.edu.ee\/lasteaed\/wp-json\/wp\/v2\/users\/1"}],"replies":[{"embeddable":true,"href":"https:\/\/ramkool.edu.ee\/lasteaed\/wp-json\/wp\/v2\/comments?post=758"}],"version-history":[{"count":4,"href":"https:\/\/ramkool.edu.ee\/lasteaed\/wp-json\/wp\/v2\/pages\/758\/revisions"}],"predecessor-version":[{"id":1501,"href":"https:\/\/ramkool.edu.ee\/lasteaed\/wp-json\/wp\/v2\/pages\/758\/revisions\/1501"}],"up":[{"embeddable":true,"href":"https:\/\/ramkool.edu.ee\/lasteaed\/wp-json\/wp\/v2\/pages\/748"}],"wp:featuredmedia":[{"embeddable":true,"href":"https:\/\/ramkool.edu.ee\/lasteaed\/wp-json\/wp\/v2\/media\/1637"}],"wp:attachment":[{"href":"https:\/\/ramkool.edu.ee\/lasteaed\/wp-json\/wp\/v2\/media?parent=758"}],"curies":[{"name":"wp","href":"https:\/\/api.w.org\/{rel}","templated":true}]}}