{"id":710,"date":"2015-08-24T23:14:10","date_gmt":"2015-08-24T22:14:10","guid":{"rendered":"http:\/\/thelooks.ee\/ram\/?page_id=710"},"modified":"2026-02-17T17:06:07","modified_gmt":"2026-02-17T15:06:07","slug":"vaikekoolist","status":"publish","type":"page","link":"https:\/\/ramkool.edu.ee\/lastekool\/vaikekool-5-6a\/vaikekoolist\/","title":{"rendered":"V\u00e4ikekoolist"},"content":{"rendered":"<div class=\"content-wrapper\">\n<div class=\"content\">\n<div class=\"column-2\">\n<div class=\"freetext\">\n<p>V\u00e4ikekooli on oodatud k\u00f5ik \u00f5pihuvilised 5-6-aastased lapsed, kes j\u00e4rgmisel s\u00fcgisel veel kooliteed ei alusta, kuid sooviksid tasa ja targu juba &#8220;p\u00e4ris&#8221; koolielu harjutada. Oma tundides saame s\u00f5pradeks t\u00e4htede ja numbritega ning \u00f5pime tundma meid \u00fcmbritsevat maailma. \u00d5pime olema teadmishimulised, julged oma arvamuse avaldamisel ja suhtlemisel ning muidugi ka m\u00e4ngime, maalime, voolime ja teeme katseid.<\/p>\n<p>Tundides kasutame meie eelkooli \u00f5petajate poolt loodud \u00f5ppematerjali.<br \/>\n<strong>V\u00e4ikekooli t\u00f6\u00f6vihik<\/strong> koosneb kahest osast. Esimene osa \u201eHambutu printsess ja porisupp\u201c viib meid s\u00fcgisest j\u00f5uluaega. Teine osa \u201eKukep\u00fcksid ja hiirek\u00f5rvad\u201c talvest kevadesse. Teemad on jaotatud n\u00e4dalate kaupa ja j\u00e4rgivad aastaringi. Iga n\u00e4dala teema saab hoo sisse looga, kus peategelaseks on 5-aastane t\u00fcdruk Liisi ja tema s\u00f5ber Karl. Lugudes on palju \u00e4ratundmisr\u00f5\u00f5mu, v\u00e4ikeseid vimkasid ning uusi toredaid v\u00e4ljendeid, mida lapsele tutvustada ja mille \u00fcle arutleda.<br \/>\nOma koolip\u00e4evi alustame ja l\u00f5petame \u00fchises ringis, kus jagatakse \u00fcksteisega oma soove, m\u00f5tteid ja l\u00e4bielamisi. \u00d5petaja reguleerib tunni- ja vahetunni aega vastavalt r\u00fchmale.<\/p>\n<p>Lapsevanemad tundi kaasa ei tule, aga kui vaja, saavad nad esimestel kordadel esikus lapsele toeks olla.<\/p>\n<p><strong>Tagasiside<\/strong> Lapse arengu kohta on vanemal v\u00f5imalik saada vahetut tagasisidet oma lapse \u00f5petajalt peale iga koolip\u00e4eva.<\/p>\n<p><strong>\u00dcritused<\/strong> Kevadel ootame lapsevanemaid, et kooliaasta \u00fchise piknikuga l\u00f5petada.<\/p>\n<p><strong>V\u00e4ikekooli r\u00fchmad<\/strong> \u00f5pivad Rocca al Mare Kooli eelkooli ruumides Lesta 14 ja Veskim\u00f6ldre lasteaias Instituudi tee 151, mis asub Laagris.<\/p>\n<p>R\u00f5\u00f5msate kohtumisteni!<br \/>\nRocca al Mare Kool<\/p>\n<\/div>\n<p><strong>T\u00e4psem info meili teel <a href=\"mailto:eelkool@ramkool.edu.ee\"><span style=\"color: #0066cc\">eelkool@ramkool.edu.ee<\/span><\/a>\u00a0<\/strong><\/p>\n<\/div>\n<\/div>\n<\/div>\n","protected":false},"excerpt":{"rendered":"<p>V\u00e4ikekooli on oodatud k\u00f5ik \u00f5pihuvilised 5-6-aastased lapsed,<\/p>\n","protected":false},"author":1,"featured_media":3025,"parent":684,"menu_order":10,"comment_status":"open","ping_status":"closed","template":"gallery-template.php","meta":{"_acf_changed":false,"footnotes":""},"class_list":["post-710","page","type-page","status-publish","has-post-thumbnail","hentry"],"acf":[],"_links":{"self":[{"href":"https:\/\/ramkool.edu.ee\/lastekool\/wp-json\/wp\/v2\/pages\/710","targetHints":{"allow":["GET"]}}],"collection":[{"href":"https:\/\/ramkool.edu.ee\/lastekool\/wp-json\/wp\/v2\/pages"}],"about":[{"href":"https:\/\/ramkool.edu.ee\/lastekool\/wp-json\/wp\/v2\/types\/page"}],"author":[{"embeddable":true,"href":"https:\/\/ramkool.edu.ee\/lastekool\/wp-json\/wp\/v2\/users\/1"}],"replies":[{"embeddable":true,"href":"https:\/\/ramkool.edu.ee\/lastekool\/wp-json\/wp\/v2\/comments?post=710"}],"version-history":[{"count":14,"href":"https:\/\/ramkool.edu.ee\/lastekool\/wp-json\/wp\/v2\/pages\/710\/revisions"}],"predecessor-version":[{"id":4605,"href":"https:\/\/ramkool.edu.ee\/lastekool\/wp-json\/wp\/v2\/pages\/710\/revisions\/4605"}],"up":[{"embeddable":true,"href":"https:\/\/ramkool.edu.ee\/lastekool\/wp-json\/wp\/v2\/pages\/684"}],"wp:featuredmedia":[{"embeddable":true,"href":"https:\/\/ramkool.edu.ee\/lastekool\/wp-json\/wp\/v2\/media\/3025"}],"wp:attachment":[{"href":"https:\/\/ramkool.edu.ee\/lastekool\/wp-json\/wp\/v2\/media?parent=710"}],"curies":[{"name":"wp","href":"https:\/\/api.w.org\/{rel}","templated":true}]}}

Väikekoolist

<div class="content-wrapper">
<div class="content">
<div class="column-2">
<div class="freetext">
<p>Väikekooli on oodatud kõik õpihuvilised 5-6-aastased lapsed, kes järgmisel sügisel veel kooliteed ei alusta, kuid sooviksid tasa ja targu juba &#8220;päris&#8221; koolielu harjutada. Oma tundides saame sõpradeks tähtede ja numbritega ning õpime tundma meid ümbritsevat maailma. Õpime olema teadmishimulised, julged oma arvamuse avaldamisel ja suhtlemisel ning muidugi ka mängime, maalime, voolime ja teeme katseid.</p>
<p>Tundides kasutame meie eelkooli õpetajate poolt loodud õppematerjali.<br />
<strong>Väikekooli töövihik</strong> koosneb kahest osast. Esimene osa „Hambutu printsess ja porisupp“ viib meid sügisest jõuluaega. Teine osa „Kukepüksid ja hiirekõrvad“ talvest kevadesse. Teemad on jaotatud nädalate kaupa ja järgivad aastaringi. Iga nädala teema saab hoo sisse looga, kus peategelaseks on 5-aastane tüdruk Liisi ja tema sõber Karl. Lugudes on palju äratundmisrõõmu, väikeseid vimkasid ning uusi toredaid väljendeid, mida lapsele tutvustada ja mille üle arutleda.<br />
Oma koolipäevi alustame ja lõpetame ühises ringis, kus jagatakse üksteisega oma soove, mõtteid ja läbielamisi. Õpetaja reguleerib tunni- ja vahetunni aega vastavalt rühmale.</p>
<p>Lapsevanemad tundi kaasa ei tule, aga kui vaja, saavad nad esimestel kordadel esikus lapsele toeks olla.</p>
<p><strong>Tagasiside</strong> Lapse arengu kohta on vanemal võimalik saada vahetut tagasisidet oma lapse õpetajalt peale iga koolipäeva.</p>
<p><strong>Üritused</strong> Kevadel ootame lapsevanemaid, et kooliaasta ühise piknikuga lõpetada.</p>
<p><strong>Väikekooli rühmad</strong> õpivad Rocca al Mare Kooli eelkooli ruumides Lesta 14 ja Veskimöldre lasteaias Instituudi tee 151, mis asub Laagris.</p>
<p>Rõõmsate kohtumisteni!<br />
Rocca al Mare Kool</p>
</div>
<p><strong>Täpsem info meili teel <a href="mailto:eelkool@ramkool.edu.ee"><span style="color: #0066cc">eelkool@ramkool.edu.ee</span></a> </strong></p>
</div>
</div>
</div>

<p>Väikekooli on oodatud kõik õpihuvilised 5-6-aastased lapsed,</p>
