{"id":724,"date":"2015-08-24T23:16:00","date_gmt":"2015-08-24T22:16:00","guid":{"rendered":"http:\/\/thelooks.ee\/ram\/?page_id=724"},"modified":"2026-03-09T17:53:57","modified_gmt":"2026-03-09T15:53:57","slug":"pohimotted","status":"publish","type":"page","link":"https:\/\/ramkool.edu.ee\/lastekool\/beebikool\/pohimotted\/","title":{"rendered":"R\u00fchmad 2026\/2027"},"content":{"rendered":"<p><strong>2026\/2027 \u00f5ppeaastal ootame beebikooli lapsi, kes on s\u00fcndinud oktoober 2024 \u2013 aprill 2026.<\/strong><br \/>Beebikooli tunnid toimuvad Rocca al Mare Kooli lastekooli koolimajas, Lesta 14.<br \/>(R\u00fchmas kuni 10 last)<\/p>\n\n\n<div class=\"wp-block-group\"><div class=\"wp-block-group__inner-container is-layout-constrained wp-block-group-is-layout-constrained\">\n<div class=\"wp-block-columns is-layout-flex wp-container-core-columns-is-layout-28f84493 wp-block-columns-is-layout-flex\">\n<div class=\"wp-block-column is-layout-flow wp-block-column-is-layout-flow\" style=\"flex-basis:100%\">\n<div class=\"wp-block-columns are-vertically-aligned-top is-layout-flex wp-container-core-columns-is-layout-28f84493 wp-block-columns-is-layout-flex\">\n<div class=\"wp-block-column is-vertically-aligned-top is-layout-flow wp-block-column-is-layout-flow\" style=\"flex-basis:100%\">\n<div class=\"wp-block-group\"><div class=\"wp-block-group__inner-container is-layout-constrained wp-block-group-is-layout-constrained\">\n<div class=\"wp-block-group is-nowrap is-layout-flex wp-container-core-group-is-layout-6c531013 wp-block-group-is-layout-flex\">\n<figure class=\"wp-block-table alignleft\"><table><tbody><tr><td class=\"has-text-align-left\" data-align=\"left\">P\u00e4ev<\/td><td>Kellaaeg<\/td><td>Lapsed s\u00fcndinud<\/td><td>Hind<\/td><\/tr><tr><td class=\"has-text-align-left\" data-align=\"left\">Esmasp\u00e4ev <\/td><td>9.30-10.30<\/td><td>oktoober 2024 &#8211; september 2025<\/td><td>kohamaks 50 \u20ac kuus +<br>5 \u20ac iga osaletud tunni kohta<\/td><\/tr><tr><td class=\"has-text-align-left\" data-align=\"left\">Esmasp\u00e4ev<\/td><td>10.45-11.45<\/td><td>november 2025 &#8211; aprill 2026<\/td><td>kohamaks 50 \u20ac kuus +<br>5 \u20ac iga osaletud tunni kohta<\/td><\/tr><tr><td class=\"has-text-align-left\" data-align=\"left\">Teisip\u00e4ev<\/td><td>15.15-16-15<\/td><td>aprill 2025 &#8211; november 2025<\/td><td>kohamaks 50 \u20ac kuus +<br>5 \u20ac iga osaletud tunni kohta<\/td><\/tr><tr><td class=\"has-text-align-left\" data-align=\"left\">Teisip\u00e4ev<\/td><td>16.30-17.30<\/td><td>september 2024 &#8211; m\u00e4rts 2025<\/td><td>kohamaks 50 \u20ac kuus +<br>5 \u20ac iga osaletud tunni kohta<\/td><\/tr><\/tbody><\/table><\/figure>\n<\/div>\n<\/div><\/div>\n<\/div>\n<\/div>\n<\/div>\n<\/div>\n<\/div><\/div>\n\n\n\n<p><\/p>\n\n\n\n<p><\/p>\n\n\n\n<p><\/p>\n\n\n\n<p><strong>2025\/2026 \u00f5ppeaastal ootame beebikooli lapsi, kes on s\u00fcndinud oktoober 2023 \u2013 aprill 2025.<\/strong><\/p>\n\n\n\n<p><strong>Kui teil on soov veel sellel \u00f5ppeaastal beebikooli tulla, palun v\u00f5tke \u00fchendust beebikooli \u00f5petaja Piiaga: Piia.Varav@ramkool.edu.ee<\/strong><\/p>\n\n\n\n<p><strong>R\u00fchmad 2025\/2026 \u00f5ppeaastal:<\/strong><br>Esmasp\u00e4ev 9.30- 10.30, lapsed s\u00fcndinud oktoober 2023 \u2013 september 2024<br>Esmasp\u00e4ev 10.45- 11.45, lapsed s\u00fcndinud november 2024 \u2013 aprill 2025<br>Teisip\u00e4ev 15.15-16.15, lapsed s\u00fcndinud aprill 2024 \u2013 november 2024<br>Teisip\u00e4ev 16.30-17.30, lapsed s\u00fcndinud september 2023 \u2013 m\u00e4rts 20<\/p>\n\n\n\n<p>Kui Teile sobivas r\u00fchmas ei ole vaba kohta, saate panna oma lapse ootenimekirja. Kui keegi loobub kohast, v\u00f5tame \u00fchendust ootenimekirjas olevate peredega.<\/p>\n\n\n\n<p><\/p>\n\n\n\n<p><strong>Eelkooli juhatajal on \u00f5igus vajadusel r\u00fchmi \u00fcmber paigutada v\u00f5i kokku t\u00f5sta.<\/strong><\/p>\n\n\n\n<p><strong>T\u00e4psem info <a href=\"mailto:piia.varav@ramkool.edu.ee\"><u>piia.varav@ramkool.edu.ee<\/u><\/a>&nbsp;<\/strong><\/p>\n","protected":false},"excerpt":{"rendered":"<p>2026\/2027 \u00f5ppeaastal ootame beebikooli lapsi, kes on<\/p>\n","protected":false},"author":1,"featured_media":3547,"parent":690,"menu_order":20,"comment_status":"open","ping_status":"closed","template":"gallery-template.php","meta":{"_acf_changed":false,"footnotes":""},"class_list":["post-724","page","type-page","status-publish","has-post-thumbnail","hentry"],"acf":[],"_links":{"self":[{"href":"https:\/\/ramkool.edu.ee\/lastekool\/wp-json\/wp\/v2\/pages\/724","targetHints":{"allow":["GET"]}}],"collection":[{"href":"https:\/\/ramkool.edu.ee\/lastekool\/wp-json\/wp\/v2\/pages"}],"about":[{"href":"https:\/\/ramkool.edu.ee\/lastekool\/wp-json\/wp\/v2\/types\/page"}],"author":[{"embeddable":true,"href":"https:\/\/ramkool.edu.ee\/lastekool\/wp-json\/wp\/v2\/users\/1"}],"replies":[{"embeddable":true,"href":"https:\/\/ramkool.edu.ee\/lastekool\/wp-json\/wp\/v2\/comments?post=724"}],"version-history":[{"count":73,"href":"https:\/\/ramkool.edu.ee\/lastekool\/wp-json\/wp\/v2\/pages\/724\/revisions"}],"predecessor-version":[{"id":4961,"href":"https:\/\/ramkool.edu.ee\/lastekool\/wp-json\/wp\/v2\/pages\/724\/revisions\/4961"}],"up":[{"embeddable":true,"href":"https:\/\/ramkool.edu.ee\/lastekool\/wp-json\/wp\/v2\/pages\/690"}],"wp:featuredmedia":[{"embeddable":true,"href":"https:\/\/ramkool.edu.ee\/lastekool\/wp-json\/wp\/v2\/media\/3547"}],"wp:attachment":[{"href":"https:\/\/ramkool.edu.ee\/lastekool\/wp-json\/wp\/v2\/media?parent=724"}],"curies":[{"name":"wp","href":"https:\/\/api.w.org\/{rel}","templated":true}]}}