{"id":995,"date":"2015-09-01T18:03:51","date_gmt":"2015-09-01T17:03:51","guid":{"rendered":"http:\/\/ramkool.edu.ee\/site\/?page_id=995"},"modified":"2026-04-30T16:47:20","modified_gmt":"2026-04-30T13:47:20","slug":"vastuvott","status":"publish","type":"page","link":"https:\/\/ramkool.edu.ee\/lastekool\/vaikekool-5-6a\/vastuvott\/","title":{"rendered":"R\u00fchmad 2026\/2027"},"content":{"rendered":"\n<p><strong>2026\/2027 \u00f5ppeaastal ootame v\u00e4ikekooli lapsi, kes on s\u00fcndinud oktoober 2020 \u2013 september 2021.<\/strong><span style=\"color: #ffffff\">t<\/span><\/p>\n\n\n\n<p><strong>Tunnid toimuvad Rocca al Mare Kooli Veskim\u00f6ldre Lasteaias<\/strong>, Laagris, Instituudi tee 151<br>R\u00fchmas kuni 10 last<\/p>\n\n\n\n<div class=\"wp-block-group is-nowrap is-layout-flex wp-container-core-group-is-layout-6c531013 wp-block-group-is-layout-flex\">\n<figure class=\"wp-block-table\"><table><tbody><tr><td>P\u00e4ev<\/td><td>Kellaaeg<\/td><td>Hind<\/td><\/tr><tr><td>Teisip\u00e4ev<\/td><td>8.45-11.00<\/td><td>115 \u20ac<\/td><\/tr><tr><td>Neljap\u00e4ev<\/td><td>9.00-11.15<\/td><td>115 \u20ac<\/td><\/tr><\/tbody><\/table><\/figure>\n<\/div>\n\n\n\n<p><span style=\"color: #ffffff\">mmm<\/span><\/p>\n\n\n\n<p><strong>Tunnid toimuvad Rocca al Mare Kooli Lastekooli majas<\/strong>, Lesta 14<br>R\u00fchmas kuni 12 last<\/p>\n\n\n\n<p><\/p>\n\n\n\n<div class=\"wp-block-group is-nowrap is-layout-flex wp-container-core-group-is-layout-6c531013 wp-block-group-is-layout-flex\">\n<figure class=\"wp-block-table\"><table><tbody><tr><td>P\u00e4ev<\/td><td>Kellaaeg<\/td><td>Hind<\/td><\/tr><tr><td>Esmasp\u00e4ev<\/td><td>15.45-18.00<\/td><td>115 \u20ac<\/td><\/tr><tr><td>Teisip\u00e4ev<\/td><td>14.45-17.00<\/td><td>115 \u20ac<\/td><\/tr><tr><td>Kolmap\u00e4ev<\/td><td>9.30-11.45<\/td><td>115 \u20ac<\/td><\/tr><tr><td>Neljap\u00e4ev<\/td><td>8.45-11.00<\/td><td>115 \u20ac<\/td><\/tr><tr><td>Neljap\u00e4ev<\/td><td>9.15-11.30<\/td><td>115 \u20ac<\/td><\/tr><tr><td>Neljap\u00e4ev<\/td><td>15.00-17.15<\/td><td>115 \u20ac<\/td><\/tr><\/tbody><\/table><\/figure>\n<\/div>\n\n\n\n<p><\/p>\n\n\n\n<p><strong>Eelkooli juhatajal on \u00f5igus vajadusel r\u00fchmi \u00fcmber paigutada v\u00f5i kokku t\u00f5sta.<\/strong><\/p>\n\n\n\n<p><strong>T\u00e4psem info eelkool@ramkool.edu.ee<\/strong><\/p>\n\n\n\n<p><\/p>\n","protected":false},"excerpt":{"rendered":"<p>2026\/2027 \u00f5ppeaastal ootame v\u00e4ikekooli lapsi, kes on<\/p>\n","protected":false},"author":1,"featured_media":3537,"parent":684,"menu_order":20,"comment_status":"closed","ping_status":"closed","template":"gallery-template.php","meta":{"_acf_changed":false,"footnotes":""},"class_list":["post-995","page","type-page","status-publish","has-post-thumbnail","hentry"],"acf":[],"_links":{"self":[{"href":"https:\/\/ramkool.edu.ee\/lastekool\/wp-json\/wp\/v2\/pages\/995","targetHints":{"allow":["GET"]}}],"collection":[{"href":"https:\/\/ramkool.edu.ee\/lastekool\/wp-json\/wp\/v2\/pages"}],"about":[{"href":"https:\/\/ramkool.edu.ee\/lastekool\/wp-json\/wp\/v2\/types\/page"}],"author":[{"embeddable":true,"href":"https:\/\/ramkool.edu.ee\/lastekool\/wp-json\/wp\/v2\/users\/1"}],"replies":[{"embeddable":true,"href":"https:\/\/ramkool.edu.ee\/lastekool\/wp-json\/wp\/v2\/comments?post=995"}],"version-history":[{"count":99,"href":"https:\/\/ramkool.edu.ee\/lastekool\/wp-json\/wp\/v2\/pages\/995\/revisions"}],"predecessor-version":[{"id":5075,"href":"https:\/\/ramkool.edu.ee\/lastekool\/wp-json\/wp\/v2\/pages\/995\/revisions\/5075"}],"up":[{"embeddable":true,"href":"https:\/\/ramkool.edu.ee\/lastekool\/wp-json\/wp\/v2\/pages\/684"}],"wp:featuredmedia":[{"embeddable":true,"href":"https:\/\/ramkool.edu.ee\/lastekool\/wp-json\/wp\/v2\/media\/3537"}],"wp:attachment":[{"href":"https:\/\/ramkool.edu.ee\/lastekool\/wp-json\/wp\/v2\/media?parent=995"}],"curies":[{"name":"wp","href":"https:\/\/api.w.org\/{rel}","templated":true}]}}

Rühmad 2026/2027

<p><strong>2026/2027 õppeaastal ootame väikekooli lapsi, kes on sündinud oktoober 2020 – september 2021.</strong><span style="color: #ffffff">t</span></p>



<p><strong>Tunnid toimuvad Rocca al Mare Kooli Veskimöldre Lasteaias</strong>, Laagris, Instituudi tee 151<br>Rühmas kuni 10 last</p>



<div class="wp-block-group is-nowrap is-layout-flex wp-container-core-group-is-layout-6c531013 wp-block-group-is-layout-flex">
<figure class="wp-block-table"><table><tbody><tr><td>Päev</td><td>Kellaaeg</td><td>Hind</td></tr><tr><td>Teisipäev</td><td>8.45-11.00</td><td>115 €</td></tr><tr><td>Neljapäev</td><td>9.00-11.15</td><td>115 €</td></tr></tbody></table></figure>
</div>



<p><span style="color: #ffffff">mmm</span></p>



<p><strong>Tunnid toimuvad Rocca al Mare Kooli Lastekooli majas</strong>, Lesta 14<br>Rühmas kuni 12 last</p>



<p></p>



<div class="wp-block-group is-nowrap is-layout-flex wp-container-core-group-is-layout-6c531013 wp-block-group-is-layout-flex">
<figure class="wp-block-table"><table><tbody><tr><td>Päev</td><td>Kellaaeg</td><td>Hind</td></tr><tr><td>Esmaspäev</td><td>15.45-18.00</td><td>115 €</td></tr><tr><td>Teisipäev</td><td>14.45-17.00</td><td>115 €</td></tr><tr><td>Kolmapäev</td><td>9.30-11.45</td><td>115 €</td></tr><tr><td>Neljapäev</td><td>8.45-11.00</td><td>115 €</td></tr><tr><td>Neljapäev</td><td>9.15-11.30</td><td>115 €</td></tr><tr><td>Neljapäev</td><td>15.00-17.15</td><td>115 €</td></tr></tbody></table></figure>
</div>



<p></p>



<p><strong>Eelkooli juhatajal on õigus vajadusel rühmi ümber paigutada või kokku tõsta.</strong></p>



<p><strong>Täpsem info eelkool@ramkool.edu.ee</strong></p>



<p></p>

<p>2026/2027 õppeaastal ootame väikekooli lapsi, kes on</p>
