{"id":11241,"date":"2019-10-13T22:32:08","date_gmt":"2019-10-13T19:32:08","guid":{"rendered":"https:\/\/ramkool.edu.ee\/roostiku\/?page_id=11241"},"modified":"2019-10-13T22:43:28","modified_gmt":"2019-10-13T19:43:28","slug":"kulas-2-lend","status":"publish","type":"page","link":"https:\/\/ramkool.edu.ee\/roostiku\/pildialbum\/kooliaasta-2019-2020\/kulas-2-lend\/","title":{"rendered":"K\u00fclas 2. lend"},"content":{"rendered":"<p>\u00dchel neljap\u00e4eva hommikul astusid Roostiku kooli uksest sisse meie 2. lennu vilistlased. Ja astusid nad lauluga. Ajasime juttu ja j\u00f5udsime ka meelde tuletada, mis tunne on koos tegutseda. Oli armas olemine. Ait\u00e4h teile!<\/p>\n","protected":false},"excerpt":{"rendered":"<p>\u00dchel neljap\u00e4eva hommikul astusid Roostiku kooli uksest<\/p>\n","protected":false},"author":17,"featured_media":11256,"parent":10707,"menu_order":840,"comment_status":"closed","ping_status":"closed","template":"gallery-template.php","meta":{"_acf_changed":false,"footnotes":""},"class_list":["post-11241","page","type-page","status-publish","has-post-thumbnail","hentry"],"acf":[],"_links":{"self":[{"href":"https:\/\/ramkool.edu.ee\/roostiku\/wp-json\/wp\/v2\/pages\/11241","targetHints":{"allow":["GET"]}}],"collection":[{"href":"https:\/\/ramkool.edu.ee\/roostiku\/wp-json\/wp\/v2\/pages"}],"about":[{"href":"https:\/\/ramkool.edu.ee\/roostiku\/wp-json\/wp\/v2\/types\/page"}],"author":[{"embeddable":true,"href":"https:\/\/ramkool.edu.ee\/roostiku\/wp-json\/wp\/v2\/users\/17"}],"replies":[{"embeddable":true,"href":"https:\/\/ramkool.edu.ee\/roostiku\/wp-json\/wp\/v2\/comments?post=11241"}],"version-history":[{"count":1,"href":"https:\/\/ramkool.edu.ee\/roostiku\/wp-json\/wp\/v2\/pages\/11241\/revisions"}],"predecessor-version":[{"id":11253,"href":"https:\/\/ramkool.edu.ee\/roostiku\/wp-json\/wp\/v2\/pages\/11241\/revisions\/11253"}],"up":[{"embeddable":true,"href":"https:\/\/ramkool.edu.ee\/roostiku\/wp-json\/wp\/v2\/pages\/10707"}],"wp:featuredmedia":[{"embeddable":true,"href":"https:\/\/ramkool.edu.ee\/roostiku\/wp-json\/wp\/v2\/media\/11256"}],"wp:attachment":[{"href":"https:\/\/ramkool.edu.ee\/roostiku\/wp-json\/wp\/v2\/media?parent=11241"}],"curies":[{"name":"wp","href":"https:\/\/api.w.org\/{rel}","templated":true}]}}