{"id":11831,"date":"2019-12-03T20:21:10","date_gmt":"2019-12-03T18:21:10","guid":{"rendered":"https:\/\/ramkool.edu.ee\/roostiku\/?page_id=11831"},"modified":"2019-12-03T20:21:10","modified_gmt":"2019-12-03T18:21:10","slug":"jaanus-vaiksoo-king-nr-39","status":"publish","type":"page","link":"https:\/\/ramkool.edu.ee\/roostiku\/pildialbum\/kooliaasta-2019-2020\/jaanus-vaiksoo-king-nr-39\/","title":{"rendered":"Jaanus Vaiksoo &#8220;King nr 39&#8221;"},"content":{"rendered":"<p>Meil on tekkinud v\u00e4ike traditsioon, et korra aastas astub Jaanus Vaiksoo uksest sisse ja tutvustab oma uut raamatut. Sel aastal siis lasteromaan &#8220;King nr 39&#8221;. L\u00f5igud, mis Jaanus ette luges, t\u00f5id naeratuse n\u00e4ole ja tekitasid isu. N\u00fc\u00fcd aga lugema, mis muud. Ait\u00e4h, hea Jaanus!<\/p>\n","protected":false},"excerpt":{"rendered":"<p>Meil on tekkinud v\u00e4ike traditsioon, et korra<\/p>\n","protected":false},"author":17,"featured_media":11837,"parent":10707,"menu_order":770,"comment_status":"closed","ping_status":"closed","template":"gallery-template.php","meta":{"_acf_changed":false,"footnotes":""},"class_list":["post-11831","page","type-page","status-publish","has-post-thumbnail","hentry"],"acf":[],"_links":{"self":[{"href":"https:\/\/ramkool.edu.ee\/roostiku\/wp-json\/wp\/v2\/pages\/11831","targetHints":{"allow":["GET"]}}],"collection":[{"href":"https:\/\/ramkool.edu.ee\/roostiku\/wp-json\/wp\/v2\/pages"}],"about":[{"href":"https:\/\/ramkool.edu.ee\/roostiku\/wp-json\/wp\/v2\/types\/page"}],"author":[{"embeddable":true,"href":"https:\/\/ramkool.edu.ee\/roostiku\/wp-json\/wp\/v2\/users\/17"}],"replies":[{"embeddable":true,"href":"https:\/\/ramkool.edu.ee\/roostiku\/wp-json\/wp\/v2\/comments?post=11831"}],"version-history":[{"count":1,"href":"https:\/\/ramkool.edu.ee\/roostiku\/wp-json\/wp\/v2\/pages\/11831\/revisions"}],"predecessor-version":[{"id":11846,"href":"https:\/\/ramkool.edu.ee\/roostiku\/wp-json\/wp\/v2\/pages\/11831\/revisions\/11846"}],"up":[{"embeddable":true,"href":"https:\/\/ramkool.edu.ee\/roostiku\/wp-json\/wp\/v2\/pages\/10707"}],"wp:featuredmedia":[{"embeddable":true,"href":"https:\/\/ramkool.edu.ee\/roostiku\/wp-json\/wp\/v2\/media\/11837"}],"wp:attachment":[{"href":"https:\/\/ramkool.edu.ee\/roostiku\/wp-json\/wp\/v2\/media?parent=11831"}],"curies":[{"name":"wp","href":"https:\/\/api.w.org\/{rel}","templated":true}]}}