{"id":12517,"date":"2020-02-24T11:13:19","date_gmt":"2020-02-24T09:13:19","guid":{"rendered":"https:\/\/ramkool.edu.ee\/roostiku\/?page_id=12517"},"modified":"2020-02-24T11:13:19","modified_gmt":"2020-02-24T09:13:19","slug":"kulas-hea-laps","status":"publish","type":"page","link":"https:\/\/ramkool.edu.ee\/roostiku\/pildialbum\/kooliaasta-2019-2020\/kulas-hea-laps\/","title":{"rendered":"K\u00fclas Hea Laps"},"content":{"rendered":"<p>Sel aastal v\u00f5tame 4.-6. talve lastega osa Hea Lapse Klubi tegemistest. Igal kuul saame p\u00f5nevaid \u00fclesandeid. Veebruarikuus tuli Hea Lapse peatoimetaja K\u00e4tlin Vainola meile k\u00fclla, et koos meiega p\u00e4evikuvormis \u00fclesannete maailmas seigelda. Oli humoorikas olemine. Ait\u00e4h, K\u00e4tlin Vainola!<\/p>\n","protected":false},"excerpt":{"rendered":"<p>Sel aastal v\u00f5tame 4.-6. talve lastega osa<\/p>\n","protected":false},"author":17,"featured_media":12550,"parent":10707,"menu_order":660,"comment_status":"closed","ping_status":"closed","template":"gallery-template.php","meta":{"_acf_changed":false,"footnotes":""},"class_list":["post-12517","page","type-page","status-publish","has-post-thumbnail","hentry"],"acf":[],"_links":{"self":[{"href":"https:\/\/ramkool.edu.ee\/roostiku\/wp-json\/wp\/v2\/pages\/12517","targetHints":{"allow":["GET"]}}],"collection":[{"href":"https:\/\/ramkool.edu.ee\/roostiku\/wp-json\/wp\/v2\/pages"}],"about":[{"href":"https:\/\/ramkool.edu.ee\/roostiku\/wp-json\/wp\/v2\/types\/page"}],"author":[{"embeddable":true,"href":"https:\/\/ramkool.edu.ee\/roostiku\/wp-json\/wp\/v2\/users\/17"}],"replies":[{"embeddable":true,"href":"https:\/\/ramkool.edu.ee\/roostiku\/wp-json\/wp\/v2\/comments?post=12517"}],"version-history":[{"count":1,"href":"https:\/\/ramkool.edu.ee\/roostiku\/wp-json\/wp\/v2\/pages\/12517\/revisions"}],"predecessor-version":[{"id":12551,"href":"https:\/\/ramkool.edu.ee\/roostiku\/wp-json\/wp\/v2\/pages\/12517\/revisions\/12551"}],"up":[{"embeddable":true,"href":"https:\/\/ramkool.edu.ee\/roostiku\/wp-json\/wp\/v2\/pages\/10707"}],"wp:featuredmedia":[{"embeddable":true,"href":"https:\/\/ramkool.edu.ee\/roostiku\/wp-json\/wp\/v2\/media\/12550"}],"wp:attachment":[{"href":"https:\/\/ramkool.edu.ee\/roostiku\/wp-json\/wp\/v2\/media?parent=12517"}],"curies":[{"name":"wp","href":"https:\/\/api.w.org\/{rel}","templated":true}]}}