{"id":12683,"date":"2020-04-18T16:04:26","date_gmt":"2020-04-18T13:04:26","guid":{"rendered":"https:\/\/ramkool.edu.ee\/roostiku\/?page_id=12683"},"modified":"2020-04-19T12:00:21","modified_gmt":"2020-04-19T09:00:21","slug":"distanstoppe-oppimispesad-kodudes","status":"publish","type":"page","link":"https:\/\/ramkool.edu.ee\/roostiku\/pildialbum\/kooliaasta-2019-2020\/distanstoppe-oppimispesad-kodudes\/","title":{"rendered":"Distanst\u00f5ppe \u00f5ppimispesad kodudes"},"content":{"rendered":"<p>IV perioodi viimasel n\u00e4dalal tegime kodudes m\u00f5ned kl\u00f5psud, kus me \u00f5pime ja panime kirja m\u00f5tted, mida asjast arvame.<\/p>\n","protected":false},"excerpt":{"rendered":"<p>IV perioodi viimasel n\u00e4dalal tegime kodudes m\u00f5ned<\/p>\n","protected":false},"author":17,"featured_media":12701,"parent":10707,"menu_order":640,"comment_status":"closed","ping_status":"closed","template":"gallery-template.php","meta":{"_acf_changed":false,"footnotes":""},"class_list":["post-12683","page","type-page","status-publish","has-post-thumbnail","hentry"],"acf":[],"_links":{"self":[{"href":"https:\/\/ramkool.edu.ee\/roostiku\/wp-json\/wp\/v2\/pages\/12683","targetHints":{"allow":["GET"]}}],"collection":[{"href":"https:\/\/ramkool.edu.ee\/roostiku\/wp-json\/wp\/v2\/pages"}],"about":[{"href":"https:\/\/ramkool.edu.ee\/roostiku\/wp-json\/wp\/v2\/types\/page"}],"author":[{"embeddable":true,"href":"https:\/\/ramkool.edu.ee\/roostiku\/wp-json\/wp\/v2\/users\/17"}],"replies":[{"embeddable":true,"href":"https:\/\/ramkool.edu.ee\/roostiku\/wp-json\/wp\/v2\/comments?post=12683"}],"version-history":[{"count":2,"href":"https:\/\/ramkool.edu.ee\/roostiku\/wp-json\/wp\/v2\/pages\/12683\/revisions"}],"predecessor-version":[{"id":12753,"href":"https:\/\/ramkool.edu.ee\/roostiku\/wp-json\/wp\/v2\/pages\/12683\/revisions\/12753"}],"up":[{"embeddable":true,"href":"https:\/\/ramkool.edu.ee\/roostiku\/wp-json\/wp\/v2\/pages\/10707"}],"wp:featuredmedia":[{"embeddable":true,"href":"https:\/\/ramkool.edu.ee\/roostiku\/wp-json\/wp\/v2\/media\/12701"}],"wp:attachment":[{"href":"https:\/\/ramkool.edu.ee\/roostiku\/wp-json\/wp\/v2\/media?parent=12683"}],"curies":[{"name":"wp","href":"https:\/\/api.w.org\/{rel}","templated":true}]}}