{"id":14537,"date":"2021-02-20T20:22:11","date_gmt":"2021-02-20T18:22:11","guid":{"rendered":"https:\/\/ramkool.edu.ee\/roostiku\/?page_id=14537"},"modified":"2021-02-20T20:23:41","modified_gmt":"2021-02-20T18:23:41","slug":"eesti-sunnipaeva-tahistamine","status":"publish","type":"page","link":"https:\/\/ramkool.edu.ee\/roostiku\/pildialbum\/2020-2021\/eesti-sunnipaeva-tahistamine\/","title":{"rendered":"Eesti s\u00fcnnip\u00e4eva t\u00e4histamine"},"content":{"rendered":"<p>III perioodi viimasel koolip\u00e4eval s\u00e4ttisime piduriided selga ja katsime laua h\u00e4\u00e4de ampsudega. T\u00e4histasime Eesti s\u00fcnnip\u00e4eva. Vaatasime Eesti Vabariigi t\u00e4histamiseks Rocca al Mare Kooli \u00f5petajate ja \u00f5pilaste poolt loodud filmi Jussikesest ja kakukesest. Lugesime enda loodud muistendeid ja luuletusi Eestimaast. K\u00e4isime kaaslasega presidendi matkal ja pildisessioonil. Lasime k\u00f5lada headel soovidel kodumaale. Palju \u00f5nne, armas Eestimaa!<\/p>\n","protected":false},"excerpt":{"rendered":"<p>III perioodi viimasel koolip\u00e4eval s\u00e4ttisime piduriided selga<\/p>\n","protected":false},"author":17,"featured_media":14538,"parent":13109,"menu_order":730,"comment_status":"closed","ping_status":"closed","template":"gallery-template.php","meta":{"_acf_changed":false,"footnotes":""},"class_list":["post-14537","page","type-page","status-publish","has-post-thumbnail","hentry"],"acf":[],"_links":{"self":[{"href":"https:\/\/ramkool.edu.ee\/roostiku\/wp-json\/wp\/v2\/pages\/14537","targetHints":{"allow":["GET"]}}],"collection":[{"href":"https:\/\/ramkool.edu.ee\/roostiku\/wp-json\/wp\/v2\/pages"}],"about":[{"href":"https:\/\/ramkool.edu.ee\/roostiku\/wp-json\/wp\/v2\/types\/page"}],"author":[{"embeddable":true,"href":"https:\/\/ramkool.edu.ee\/roostiku\/wp-json\/wp\/v2\/users\/17"}],"replies":[{"embeddable":true,"href":"https:\/\/ramkool.edu.ee\/roostiku\/wp-json\/wp\/v2\/comments?post=14537"}],"version-history":[{"count":2,"href":"https:\/\/ramkool.edu.ee\/roostiku\/wp-json\/wp\/v2\/pages\/14537\/revisions"}],"predecessor-version":[{"id":14629,"href":"https:\/\/ramkool.edu.ee\/roostiku\/wp-json\/wp\/v2\/pages\/14537\/revisions\/14629"}],"up":[{"embeddable":true,"href":"https:\/\/ramkool.edu.ee\/roostiku\/wp-json\/wp\/v2\/pages\/13109"}],"wp:featuredmedia":[{"embeddable":true,"href":"https:\/\/ramkool.edu.ee\/roostiku\/wp-json\/wp\/v2\/media\/14538"}],"wp:attachment":[{"href":"https:\/\/ramkool.edu.ee\/roostiku\/wp-json\/wp\/v2\/media?parent=14537"}],"curies":[{"name":"wp","href":"https:\/\/api.w.org\/{rel}","templated":true}]}}