{"id":15092,"date":"2021-06-17T20:52:04","date_gmt":"2021-06-17T17:52:04","guid":{"rendered":"https:\/\/ramkool.edu.ee\/roostiku\/?page_id=15092"},"modified":"2021-06-17T20:52:10","modified_gmt":"2021-06-17T17:52:10","slug":"viimase-koolipaeva-lehvitamine","status":"publish","type":"page","link":"https:\/\/ramkool.edu.ee\/roostiku\/pildialbum\/2020-2021\/viimase-koolipaeva-lehvitamine\/","title":{"rendered":"Viimase koolip\u00e4eva lehvitamine"},"content":{"rendered":"<p>Kaunistasime kooli\u00f5ue, laulsime, maiustasime, v\u00e4rvimisime ja kirjutasime t\u00e4nukaarte. Ja oligi aeg lehvitada ning suunduda suvesse.<\/p>\n","protected":false},"excerpt":{"rendered":"<p>Kaunistasime kooli\u00f5ue, laulsime, maiustasime, v\u00e4rvimisime ja kirjutasime<\/p>\n","protected":false},"author":17,"featured_media":15122,"parent":13109,"menu_order":670,"comment_status":"closed","ping_status":"closed","template":"gallery-template.php","meta":{"_acf_changed":false,"footnotes":""},"class_list":["post-15092","page","type-page","status-publish","has-post-thumbnail","hentry"],"acf":[],"_links":{"self":[{"href":"https:\/\/ramkool.edu.ee\/roostiku\/wp-json\/wp\/v2\/pages\/15092","targetHints":{"allow":["GET"]}}],"collection":[{"href":"https:\/\/ramkool.edu.ee\/roostiku\/wp-json\/wp\/v2\/pages"}],"about":[{"href":"https:\/\/ramkool.edu.ee\/roostiku\/wp-json\/wp\/v2\/types\/page"}],"author":[{"embeddable":true,"href":"https:\/\/ramkool.edu.ee\/roostiku\/wp-json\/wp\/v2\/users\/17"}],"replies":[{"embeddable":true,"href":"https:\/\/ramkool.edu.ee\/roostiku\/wp-json\/wp\/v2\/comments?post=15092"}],"version-history":[{"count":1,"href":"https:\/\/ramkool.edu.ee\/roostiku\/wp-json\/wp\/v2\/pages\/15092\/revisions"}],"predecessor-version":[{"id":15225,"href":"https:\/\/ramkool.edu.ee\/roostiku\/wp-json\/wp\/v2\/pages\/15092\/revisions\/15225"}],"up":[{"embeddable":true,"href":"https:\/\/ramkool.edu.ee\/roostiku\/wp-json\/wp\/v2\/pages\/13109"}],"wp:featuredmedia":[{"embeddable":true,"href":"https:\/\/ramkool.edu.ee\/roostiku\/wp-json\/wp\/v2\/media\/15122"}],"wp:attachment":[{"href":"https:\/\/ramkool.edu.ee\/roostiku\/wp-json\/wp\/v2\/media?parent=15092"}],"curies":[{"name":"wp","href":"https:\/\/api.w.org\/{rel}","templated":true}]}}