{"id":16510,"date":"2021-12-19T15:35:41","date_gmt":"2021-12-19T13:35:41","guid":{"rendered":"https:\/\/ramkool.edu.ee\/roostiku\/?page_id=16510"},"modified":"2021-12-19T16:50:27","modified_gmt":"2021-12-19T14:50:27","slug":"lumelumm-ja-room-kooliouel","status":"publish","type":"page","link":"https:\/\/ramkool.edu.ee\/roostiku\/pildialbum\/kooliaasta-2021-2022\/lumelumm-ja-room-kooliouel\/","title":{"rendered":"Lumelumm ja -r\u00f5\u00f5m kooli\u00f5uel"},"content":{"rendered":"<h2><strong>\u00a0ROOSTIKUD EESTI R\u00c4NDEL<\/strong><\/h2>\n<p><b>Reede hommikul sai Roostiku pere teada igap\u00e4evasel hommikuringil \u00fclesandest nimega \u201cMinu Eestimaa\u201d. Nimelt oli \u00fclesandeks teha filmil\u00f5ik oma armastatud kohast Eestimaal.<\/b><\/p>\n<p><span style=\"font-weight: 400\">Nimelt p\u00e4rineb selline idee juba olemas olevatest v\u00e4ikestest Eestimaa klippidest, kus kuulsad lauljad, n\u00e4itlejad jpt r\u00e4\u00e4givad enda perele v\u00f5i endale t\u00e4htsast kohast. \u00dclesandeks oli filmida koos perega oma armastatud ja enim k\u00e4idud Eestimaa kohast linnas, metsas, rannas jne. Lapsed asusid r\u00e4nnakule \u00fcle terve Eestimaa. M\u00f5ned l\u00e4ksid Saaremaale, m\u00f5ned hoopis P\u00e4rnusse, aga paar hoopis kaugele- kaugele m\u00e4gisesse L\u00f5una-Eestisse. Lapsed tegid oma filmid valmis naljakalt, huvitavalt ja ka l\u00f5busalt. Lastele tundus, et neile meeldis neid teha. Inimesed said l\u00f5puks oma kodust eemale ja puhkasid, veetsid aega perega ja nautisid k\u00f5ike, mis juhtus ja ette j\u00e4i. Filmides n\u00e4idati palju loomi ja kaunist Eestimaa loodust. T\u00e4nu sellele saavad lapsed laiendada oma silmiringi, saada teada uusi paiku Eestimaal ja ka teada uusi taimi, loomi.<\/span><\/p>\n<p>Uudise kirjutas Eliise<\/p>\n","protected":false},"excerpt":{"rendered":"<p>\u00a0ROOSTIKUD EESTI R\u00c4NDEL Reede hommikul sai Roostiku<\/p>\n","protected":false},"author":17,"featured_media":16538,"parent":15538,"menu_order":820,"comment_status":"closed","ping_status":"closed","template":"gallery-template.php","meta":{"_acf_changed":false,"footnotes":""},"class_list":["post-16510","page","type-page","status-publish","has-post-thumbnail","hentry"],"acf":[],"_links":{"self":[{"href":"https:\/\/ramkool.edu.ee\/roostiku\/wp-json\/wp\/v2\/pages\/16510","targetHints":{"allow":["GET"]}}],"collection":[{"href":"https:\/\/ramkool.edu.ee\/roostiku\/wp-json\/wp\/v2\/pages"}],"about":[{"href":"https:\/\/ramkool.edu.ee\/roostiku\/wp-json\/wp\/v2\/types\/page"}],"author":[{"embeddable":true,"href":"https:\/\/ramkool.edu.ee\/roostiku\/wp-json\/wp\/v2\/users\/17"}],"replies":[{"embeddable":true,"href":"https:\/\/ramkool.edu.ee\/roostiku\/wp-json\/wp\/v2\/comments?post=16510"}],"version-history":[{"count":2,"href":"https:\/\/ramkool.edu.ee\/roostiku\/wp-json\/wp\/v2\/pages\/16510\/revisions"}],"predecessor-version":[{"id":16666,"href":"https:\/\/ramkool.edu.ee\/roostiku\/wp-json\/wp\/v2\/pages\/16510\/revisions\/16666"}],"up":[{"embeddable":true,"href":"https:\/\/ramkool.edu.ee\/roostiku\/wp-json\/wp\/v2\/pages\/15538"}],"wp:featuredmedia":[{"embeddable":true,"href":"https:\/\/ramkool.edu.ee\/roostiku\/wp-json\/wp\/v2\/media\/16538"}],"wp:attachment":[{"href":"https:\/\/ramkool.edu.ee\/roostiku\/wp-json\/wp\/v2\/media?parent=16510"}],"curies":[{"name":"wp","href":"https:\/\/api.w.org\/{rel}","templated":true}]}}