{"id":17231,"date":"2022-04-18T20:59:48","date_gmt":"2022-04-18T17:59:48","guid":{"rendered":"https:\/\/ramkool.edu.ee\/roostiku\/?page_id=17231"},"modified":"2022-04-22T06:30:26","modified_gmt":"2022-04-22T03:30:26","slug":"munakoksimise-voistlus","status":"publish","type":"page","link":"https:\/\/ramkool.edu.ee\/roostiku\/pildialbum\/kooliaasta-2021-2022\/munakoksimise-voistlus\/","title":{"rendered":"Munakoksimise v\u00f5istlus"},"content":{"rendered":"<p>Teise \u00fclest\u00f5usmisp\u00fcha hommikul kogunesime Roostiku \u00f5uel, p\u00fchademunad taskus. N\u00e4itasime neid ja seej\u00e4rel hakkas \u00fcks suur koksimine.<\/p>\n<p>Roostiku 2022 osavad koksijad<\/p>\n<p>I koht Richard<\/p>\n<p>II koht Sebastian<\/p>\n<p>III koht Mia-Maria<\/p>\n<p>Ja siis l\u00e4ks kommijooksuks ja l\u00f5puks saagi jagamiseks. Oli l\u00f5bus hommikupoolik.<\/p>\n","protected":false},"excerpt":{"rendered":"<p>Teise \u00fclest\u00f5usmisp\u00fcha hommikul kogunesime Roostiku \u00f5uel, p\u00fchademunad<\/p>\n","protected":false},"author":17,"featured_media":17285,"parent":15538,"menu_order":730,"comment_status":"closed","ping_status":"closed","template":"gallery-template.php","meta":{"_acf_changed":false,"footnotes":""},"class_list":["post-17231","page","type-page","status-publish","has-post-thumbnail","hentry"],"acf":[],"_links":{"self":[{"href":"https:\/\/ramkool.edu.ee\/roostiku\/wp-json\/wp\/v2\/pages\/17231","targetHints":{"allow":["GET"]}}],"collection":[{"href":"https:\/\/ramkool.edu.ee\/roostiku\/wp-json\/wp\/v2\/pages"}],"about":[{"href":"https:\/\/ramkool.edu.ee\/roostiku\/wp-json\/wp\/v2\/types\/page"}],"author":[{"embeddable":true,"href":"https:\/\/ramkool.edu.ee\/roostiku\/wp-json\/wp\/v2\/users\/17"}],"replies":[{"embeddable":true,"href":"https:\/\/ramkool.edu.ee\/roostiku\/wp-json\/wp\/v2\/comments?post=17231"}],"version-history":[{"count":3,"href":"https:\/\/ramkool.edu.ee\/roostiku\/wp-json\/wp\/v2\/pages\/17231\/revisions"}],"predecessor-version":[{"id":17304,"href":"https:\/\/ramkool.edu.ee\/roostiku\/wp-json\/wp\/v2\/pages\/17231\/revisions\/17304"}],"up":[{"embeddable":true,"href":"https:\/\/ramkool.edu.ee\/roostiku\/wp-json\/wp\/v2\/pages\/15538"}],"wp:featuredmedia":[{"embeddable":true,"href":"https:\/\/ramkool.edu.ee\/roostiku\/wp-json\/wp\/v2\/media\/17285"}],"wp:attachment":[{"href":"https:\/\/ramkool.edu.ee\/roostiku\/wp-json\/wp\/v2\/media?parent=17231"}],"curies":[{"name":"wp","href":"https:\/\/api.w.org\/{rel}","templated":true}]}}