{"id":19576,"date":"2022-12-26T21:40:56","date_gmt":"2022-12-26T19:40:56","guid":{"rendered":"https:\/\/ramkool.edu.ee\/roostiku\/?page_id=19576"},"modified":"2022-12-26T21:43:27","modified_gmt":"2022-12-26T19:43:27","slug":"kostuumiparaad","status":"publish","type":"page","link":"https:\/\/ramkool.edu.ee\/roostiku\/pildialbum\/kooliaasta-2022-2023\/kostuumiparaad\/","title":{"rendered":"Kost\u00fc\u00fcmiparaad Halloweeni vaimus"},"content":{"rendered":"<p>Teist perioodi alustasime Hallooweeni vaimus. T\u00f5mbasime kost\u00fc\u00fcmid selga, tutvustasime neid, n\u00e4ksisime temaatilisi suupisteid. M\u00f5istatasime aaretejahis, tutvustasime vaheajal loetud raamatuid nagu tegelane kost\u00fc\u00fcmiparaadilt, maalisime kummituslikke puid. Edasi meie maa p\u00e4rimuste saunas!<\/p>\n<p>Ait\u00e4h Gerda, Meribel, Renata!<\/p>\n<p>Ahjaa, kost\u00fc\u00fcmi + tutvustuse v\u00f5itjad!<\/p>\n<p>I koht Mia-Maria k\u00f5rvitsakasvataja<\/p>\n<p>II koht Liliani mehhiklanna<\/p>\n<p>III kohl Richardi Harry Potter<\/p>\n<p>&nbsp;<\/p>\n<p>&nbsp;<\/p>\n","protected":false},"excerpt":{"rendered":"<p>Teist perioodi alustasime Hallooweeni vaimus. T\u00f5mbasime kost\u00fc\u00fcmid<\/p>\n","protected":false},"author":17,"featured_media":19577,"parent":18360,"menu_order":810,"comment_status":"closed","ping_status":"closed","template":"gallery-template.php","meta":{"_acf_changed":false,"footnotes":""},"class_list":["post-19576","page","type-page","status-publish","has-post-thumbnail","hentry"],"acf":[],"_links":{"self":[{"href":"https:\/\/ramkool.edu.ee\/roostiku\/wp-json\/wp\/v2\/pages\/19576","targetHints":{"allow":["GET"]}}],"collection":[{"href":"https:\/\/ramkool.edu.ee\/roostiku\/wp-json\/wp\/v2\/pages"}],"about":[{"href":"https:\/\/ramkool.edu.ee\/roostiku\/wp-json\/wp\/v2\/types\/page"}],"author":[{"embeddable":true,"href":"https:\/\/ramkool.edu.ee\/roostiku\/wp-json\/wp\/v2\/users\/17"}],"replies":[{"embeddable":true,"href":"https:\/\/ramkool.edu.ee\/roostiku\/wp-json\/wp\/v2\/comments?post=19576"}],"version-history":[{"count":4,"href":"https:\/\/ramkool.edu.ee\/roostiku\/wp-json\/wp\/v2\/pages\/19576\/revisions"}],"predecessor-version":[{"id":19740,"href":"https:\/\/ramkool.edu.ee\/roostiku\/wp-json\/wp\/v2\/pages\/19576\/revisions\/19740"}],"up":[{"embeddable":true,"href":"https:\/\/ramkool.edu.ee\/roostiku\/wp-json\/wp\/v2\/pages\/18360"}],"wp:featuredmedia":[{"embeddable":true,"href":"https:\/\/ramkool.edu.ee\/roostiku\/wp-json\/wp\/v2\/media\/19577"}],"wp:attachment":[{"href":"https:\/\/ramkool.edu.ee\/roostiku\/wp-json\/wp\/v2\/media?parent=19576"}],"curies":[{"name":"wp","href":"https:\/\/api.w.org\/{rel}","templated":true}]}}