{"id":20101,"date":"2023-02-24T13:53:56","date_gmt":"2023-02-24T11:53:56","guid":{"rendered":"https:\/\/ramkool.edu.ee\/roostiku\/?page_id=20101"},"modified":"2023-02-24T14:04:08","modified_gmt":"2023-02-24T12:04:08","slug":"teadusfestival","status":"publish","type":"page","link":"https:\/\/ramkool.edu.ee\/roostiku\/pildialbum\/kooliaasta-2022-2023\/teadusfestival\/","title":{"rendered":"Teadusfestival"},"content":{"rendered":"<p>III periodil valisid k\u00f5ik Roostiku lapsed endale \u00fche uurimisteema. Lugesid, uurisid-puurisid. Vormistasid uuritu plakatiks. Harjutasime omavahel ja kutsusime pered vabariigi aastap\u00e4evea eel kuulama. Saime kuulda universumist, vulkaanidest, dinosaurustest, koertest, kassidest, rottidest, hobustest, lindudest, mereloomadest, spordialadest, spordibr\u00e4ndidest, inimese arenemisest, inimese vananemisest, elektrist, telefonist, lennukitest, robotitest, videom\u00e4ngudest, Harry Potterist, tehisintellektist.<\/p>\n<p>Ait\u00e4h uurijatele, abilistele ja kuulajatele! Oli v\u00e4\u00e4rikas olemine t\u00e4histamaks EV105 s\u00fcnnip\u00e4eva.<\/p>\n","protected":false},"excerpt":{"rendered":"<p>III periodil valisid k\u00f5ik Roostiku lapsed endale<\/p>\n","protected":false},"author":17,"featured_media":20146,"parent":18360,"menu_order":740,"comment_status":"closed","ping_status":"closed","template":"gallery-template.php","meta":{"_acf_changed":false,"footnotes":""},"class_list":["post-20101","page","type-page","status-publish","has-post-thumbnail","hentry"],"acf":[],"_links":{"self":[{"href":"https:\/\/ramkool.edu.ee\/roostiku\/wp-json\/wp\/v2\/pages\/20101","targetHints":{"allow":["GET"]}}],"collection":[{"href":"https:\/\/ramkool.edu.ee\/roostiku\/wp-json\/wp\/v2\/pages"}],"about":[{"href":"https:\/\/ramkool.edu.ee\/roostiku\/wp-json\/wp\/v2\/types\/page"}],"author":[{"embeddable":true,"href":"https:\/\/ramkool.edu.ee\/roostiku\/wp-json\/wp\/v2\/users\/17"}],"replies":[{"embeddable":true,"href":"https:\/\/ramkool.edu.ee\/roostiku\/wp-json\/wp\/v2\/comments?post=20101"}],"version-history":[{"count":1,"href":"https:\/\/ramkool.edu.ee\/roostiku\/wp-json\/wp\/v2\/pages\/20101\/revisions"}],"predecessor-version":[{"id":20241,"href":"https:\/\/ramkool.edu.ee\/roostiku\/wp-json\/wp\/v2\/pages\/20101\/revisions\/20241"}],"up":[{"embeddable":true,"href":"https:\/\/ramkool.edu.ee\/roostiku\/wp-json\/wp\/v2\/pages\/18360"}],"wp:featuredmedia":[{"embeddable":true,"href":"https:\/\/ramkool.edu.ee\/roostiku\/wp-json\/wp\/v2\/media\/20146"}],"wp:attachment":[{"href":"https:\/\/ramkool.edu.ee\/roostiku\/wp-json\/wp\/v2\/media?parent=20101"}],"curies":[{"name":"wp","href":"https:\/\/api.w.org\/{rel}","templated":true}]}}