{"id":22576,"date":"2023-12-25T15:52:16","date_gmt":"2023-12-25T13:52:16","guid":{"rendered":"https:\/\/ramkool.edu.ee\/roostiku\/?page_id=22576"},"modified":"2023-12-25T15:53:39","modified_gmt":"2023-12-25T13:53:39","slug":"ohtu-koolis-ii","status":"publish","type":"page","link":"https:\/\/ramkool.edu.ee\/roostiku\/pildialbum\/kooliaasta-2023-2024\/ohtu-koolis-ii\/","title":{"rendered":"\u00d5HTU KOOLIS II"},"content":{"rendered":"\n<p>Detsembri alguses kutsusime pered koolimajja, et \u00fcheskoos Roostiku pesa j\u00f5ulur\u00fc\u00fcsse s\u00e4ttida. Laulsime, meisterdasime, haarasime vardad k\u00e4tte, puhusime juttu. Ja ilmalinnud lendasid meie tarre siristama. Ait\u00e4h k\u00f5ikidele osalejatele!<\/p>\n","protected":false},"excerpt":{"rendered":"<p>Detsembri alguses kutsusime pered koolimajja, et \u00fcheskoos<\/p>\n","protected":false},"author":17,"featured_media":22577,"parent":22017,"menu_order":860,"comment_status":"closed","ping_status":"closed","template":"gallery-template.php","meta":{"_acf_changed":false,"footnotes":""},"class_list":["post-22576","page","type-page","status-publish","has-post-thumbnail","hentry"],"acf":[],"_links":{"self":[{"href":"https:\/\/ramkool.edu.ee\/roostiku\/wp-json\/wp\/v2\/pages\/22576","targetHints":{"allow":["GET"]}}],"collection":[{"href":"https:\/\/ramkool.edu.ee\/roostiku\/wp-json\/wp\/v2\/pages"}],"about":[{"href":"https:\/\/ramkool.edu.ee\/roostiku\/wp-json\/wp\/v2\/types\/page"}],"author":[{"embeddable":true,"href":"https:\/\/ramkool.edu.ee\/roostiku\/wp-json\/wp\/v2\/users\/17"}],"replies":[{"embeddable":true,"href":"https:\/\/ramkool.edu.ee\/roostiku\/wp-json\/wp\/v2\/comments?post=22576"}],"version-history":[{"count":2,"href":"https:\/\/ramkool.edu.ee\/roostiku\/wp-json\/wp\/v2\/pages\/22576\/revisions"}],"predecessor-version":[{"id":22657,"href":"https:\/\/ramkool.edu.ee\/roostiku\/wp-json\/wp\/v2\/pages\/22576\/revisions\/22657"}],"up":[{"embeddable":true,"href":"https:\/\/ramkool.edu.ee\/roostiku\/wp-json\/wp\/v2\/pages\/22017"}],"wp:featuredmedia":[{"embeddable":true,"href":"https:\/\/ramkool.edu.ee\/roostiku\/wp-json\/wp\/v2\/media\/22577"}],"wp:attachment":[{"href":"https:\/\/ramkool.edu.ee\/roostiku\/wp-json\/wp\/v2\/media?parent=22576"}],"curies":[{"name":"wp","href":"https:\/\/api.w.org\/{rel}","templated":true}]}}