{"id":28270,"date":"2026-04-22T10:36:08","date_gmt":"2026-04-22T07:36:08","guid":{"rendered":"https:\/\/ramkool.edu.ee\/roostiku\/?page_id=28270"},"modified":"2026-04-22T10:36:08","modified_gmt":"2026-04-22T07:36:08","slug":"kanad-koolis","status":"publish","type":"page","link":"https:\/\/ramkool.edu.ee\/roostiku\/pildialbum\/kooliaasta-2025-2026\/kanad-koolis\/","title":{"rendered":"Kanad koolis"},"content":{"rendered":"\n<p>Meil k\u00e4isid k\u00fclas kanad tibudega ja j\u00e4neski h\u00fcppas kaasa. K\u00fcll olid vahvad ja nunnu tegelased. Saime paitada ja kuulsime p\u00f5nevaid seiku, kuidas kanakasvatus k\u00e4ib. Ait\u00e4h, Maya pere, t\u00f5ite s\u00e4ra meie silmisse \u00fchel aprillikuu esmasp\u00e4eva hommikul!<\/p>\n\n\n\n<p><\/p>\n","protected":false},"excerpt":{"rendered":"<p>Meil k\u00e4isid k\u00fclas kanad tibudega ja j\u00e4neski<\/p>\n","protected":false},"author":17,"featured_media":28308,"parent":26574,"menu_order":780,"comment_status":"closed","ping_status":"closed","template":"gallery-template.php","meta":{"_acf_changed":false,"footnotes":""},"class_list":["post-28270","page","type-page","status-publish","has-post-thumbnail","hentry"],"acf":[],"_links":{"self":[{"href":"https:\/\/ramkool.edu.ee\/roostiku\/wp-json\/wp\/v2\/pages\/28270","targetHints":{"allow":["GET"]}}],"collection":[{"href":"https:\/\/ramkool.edu.ee\/roostiku\/wp-json\/wp\/v2\/pages"}],"about":[{"href":"https:\/\/ramkool.edu.ee\/roostiku\/wp-json\/wp\/v2\/types\/page"}],"author":[{"embeddable":true,"href":"https:\/\/ramkool.edu.ee\/roostiku\/wp-json\/wp\/v2\/users\/17"}],"replies":[{"embeddable":true,"href":"https:\/\/ramkool.edu.ee\/roostiku\/wp-json\/wp\/v2\/comments?post=28270"}],"version-history":[{"count":2,"href":"https:\/\/ramkool.edu.ee\/roostiku\/wp-json\/wp\/v2\/pages\/28270\/revisions"}],"predecessor-version":[{"id":28326,"href":"https:\/\/ramkool.edu.ee\/roostiku\/wp-json\/wp\/v2\/pages\/28270\/revisions\/28326"}],"up":[{"embeddable":true,"href":"https:\/\/ramkool.edu.ee\/roostiku\/wp-json\/wp\/v2\/pages\/26574"}],"wp:featuredmedia":[{"embeddable":true,"href":"https:\/\/ramkool.edu.ee\/roostiku\/wp-json\/wp\/v2\/media\/28308"}],"wp:attachment":[{"href":"https:\/\/ramkool.edu.ee\/roostiku\/wp-json\/wp\/v2\/media?parent=28270"}],"curies":[{"name":"wp","href":"https:\/\/api.w.org\/{rel}","templated":true}]}}