{"id":2880,"date":"2017-12-23T15:20:01","date_gmt":"2017-12-23T13:20:01","guid":{"rendered":"https:\/\/ramkool.edu.ee\/roostiku\/?page_id=2880"},"modified":"2017-12-23T15:22:46","modified_gmt":"2017-12-23T13:22:46","slug":"2880-2","status":"publish","type":"page","link":"https:\/\/ramkool.edu.ee\/roostiku\/pildialbum\/2017-18\/2880-2\/","title":{"rendered":"J\u00f5uluaja toimetused"},"content":{"rendered":"<p>J\u00f5ulukroonid, v\u00e4iksed n\u00e4item\u00e4ngud, j\u00f5ululaulud ja j\u00f5ulus\u00f6\u00f6k &#8211; need tegevused saatsid meie j\u00f5uluaega Roostiku koolimajas.<\/p>\n","protected":false},"excerpt":{"rendered":"<p>J\u00f5ulukroonid, v\u00e4iksed n\u00e4item\u00e4ngud, j\u00f5ululaulud ja j\u00f5ulus\u00f6\u00f6k &#8211;<\/p>\n","protected":false},"author":17,"featured_media":2910,"parent":1521,"menu_order":770,"comment_status":"closed","ping_status":"closed","template":"gallery-template.php","meta":{"_acf_changed":false,"footnotes":""},"class_list":["post-2880","page","type-page","status-publish","has-post-thumbnail","hentry"],"acf":[],"_links":{"self":[{"href":"https:\/\/ramkool.edu.ee\/roostiku\/wp-json\/wp\/v2\/pages\/2880","targetHints":{"allow":["GET"]}}],"collection":[{"href":"https:\/\/ramkool.edu.ee\/roostiku\/wp-json\/wp\/v2\/pages"}],"about":[{"href":"https:\/\/ramkool.edu.ee\/roostiku\/wp-json\/wp\/v2\/types\/page"}],"author":[{"embeddable":true,"href":"https:\/\/ramkool.edu.ee\/roostiku\/wp-json\/wp\/v2\/users\/17"}],"replies":[{"embeddable":true,"href":"https:\/\/ramkool.edu.ee\/roostiku\/wp-json\/wp\/v2\/comments?post=2880"}],"version-history":[{"count":3,"href":"https:\/\/ramkool.edu.ee\/roostiku\/wp-json\/wp\/v2\/pages\/2880\/revisions"}],"predecessor-version":[{"id":2959,"href":"https:\/\/ramkool.edu.ee\/roostiku\/wp-json\/wp\/v2\/pages\/2880\/revisions\/2959"}],"up":[{"embeddable":true,"href":"https:\/\/ramkool.edu.ee\/roostiku\/wp-json\/wp\/v2\/pages\/1521"}],"wp:featuredmedia":[{"embeddable":true,"href":"https:\/\/ramkool.edu.ee\/roostiku\/wp-json\/wp\/v2\/media\/2910"}],"wp:attachment":[{"href":"https:\/\/ramkool.edu.ee\/roostiku\/wp-json\/wp\/v2\/media?parent=2880"}],"curies":[{"name":"wp","href":"https:\/\/api.w.org\/{rel}","templated":true}]}}