{"id":3666,"date":"2018-02-26T10:46:23","date_gmt":"2018-02-26T08:46:23","guid":{"rendered":"https:\/\/ramkool.edu.ee\/roostiku\/?page_id=3666"},"modified":"2022-11-20T21:06:38","modified_gmt":"2022-11-20T19:06:38","slug":"suur-jaan-ja-ta-kula-jarve-aares","status":"publish","type":"page","link":"https:\/\/ramkool.edu.ee\/roostiku\/omalooming\/kirjatood-eestimaast\/suur-jaan-ja-ta-kula-jarve-aares\/","title":{"rendered":"Suur Jaan ja ta k\u00fcla j\u00e4rve \u00e4\u00e4res"},"content":{"rendered":"<p><span style=\"font-family: 'Bookman Old Style',serif\"><span style=\"color: #000000;font-size: medium\">Kunagi ammu-ammu elas suure J\u00f5e \u00e4\u00e4res Suur Jaan. Inimesi l\u00e4heduses ei olnud, s\u00f5pru ka polnud. Neid polnud, kuna koht oli nende arust k\u00f5lbmatu, sellep\u00e4rast elas seal ainult Suur Jaan. Nimi tuli sellest, et ta oli k\u00fcmme korda pikem kui teised. \u00dcksi ta kurb ei olnud, j\u00f5gi pakkus meelelahutust ja eemal olid suured laaned. Kuid ta oli lahke ja tahtis teistele inimestele seda ilu n\u00e4idata.<\/span><\/span><\/p>\n<p><span style=\"font-family: 'Bookman Old Style',serif\"><span style=\"color: #000000;font-size: medium\">Niisiis otsustas ta s\u00f5prade leidmiseks k\u00f5igile kodud ehitada. Piisavalt l\u00e4hedale j\u00f5ele, et vett ja toitu lihtsasti saada, aga mitte nii l\u00e4hedale, et vesi linna \u00e4ra uputaks. See oli raske t\u00f6\u00f6. Laanes tuli raiuda puid ning tassida need j\u00f5eni. See oli pikk maa, kuid Suur Jaan oli k\u00f5rge ning see l\u00e4ks lihtsalt. Ta ehitas maju, lautasid ja t\u00f5i isegi loomad kohale. Ta haris maad ajaviiteks ja j\u00e4i siis k\u00fclla uusi elanikke ootama. Kuid kedagi ei tulnud ega tulnud. M\u00f6\u00f6dus n\u00e4dal, m\u00f6\u00f6dus kuu. L\u00f5puks tulid, kui kogemata oli Suur Jaan j\u00f5ge pikutades laiemaks teinud. N\u00fc\u00fcd oli see pigem imeliku kujuga j\u00e4rv. Aga inimestele meeldis see. J\u00f5gi oli enne kiire vooluga ja see tundus neile ohtlik, Suur Jaan oli selle parandanud. Kolisidki inimesed sisse ja ka Suur Jaan j\u00e4i rahule. K\u00fclainimesed hakkasid paika kutsuma Suure \u2013 Jaani. Niisiis, vahel v\u00f5ivad ka v\u00e4iksed eba\u00f5nnestumised \u00f5igesti v\u00e4lja kujuneda. <\/span><\/span><\/p>\n<p>Liisa<\/p>\n<p>&nbsp;<\/p>\n","protected":false},"excerpt":{"rendered":"<p>Kunagi ammu-ammu elas suure J\u00f5e \u00e4\u00e4res Suur<\/p>\n","protected":false},"author":17,"featured_media":3711,"parent":3640,"menu_order":890,"comment_status":"closed","ping_status":"closed","template":"","meta":{"_acf_changed":false,"footnotes":""},"class_list":["post-3666","page","type-page","status-publish","has-post-thumbnail","hentry"],"acf":[],"_links":{"self":[{"href":"https:\/\/ramkool.edu.ee\/roostiku\/wp-json\/wp\/v2\/pages\/3666","targetHints":{"allow":["GET"]}}],"collection":[{"href":"https:\/\/ramkool.edu.ee\/roostiku\/wp-json\/wp\/v2\/pages"}],"about":[{"href":"https:\/\/ramkool.edu.ee\/roostiku\/wp-json\/wp\/v2\/types\/page"}],"author":[{"embeddable":true,"href":"https:\/\/ramkool.edu.ee\/roostiku\/wp-json\/wp\/v2\/users\/17"}],"replies":[{"embeddable":true,"href":"https:\/\/ramkool.edu.ee\/roostiku\/wp-json\/wp\/v2\/comments?post=3666"}],"version-history":[{"count":5,"href":"https:\/\/ramkool.edu.ee\/roostiku\/wp-json\/wp\/v2\/pages\/3666\/revisions"}],"predecessor-version":[{"id":19405,"href":"https:\/\/ramkool.edu.ee\/roostiku\/wp-json\/wp\/v2\/pages\/3666\/revisions\/19405"}],"up":[{"embeddable":true,"href":"https:\/\/ramkool.edu.ee\/roostiku\/wp-json\/wp\/v2\/pages\/3640"}],"wp:featuredmedia":[{"embeddable":true,"href":"https:\/\/ramkool.edu.ee\/roostiku\/wp-json\/wp\/v2\/media\/3711"}],"wp:attachment":[{"href":"https:\/\/ramkool.edu.ee\/roostiku\/wp-json\/wp\/v2\/media?parent=3666"}],"curies":[{"name":"wp","href":"https:\/\/api.w.org\/{rel}","templated":true}]}}