{"id":3703,"date":"2018-02-26T11:39:51","date_gmt":"2018-02-26T09:39:51","guid":{"rendered":"https:\/\/ramkool.edu.ee\/roostiku\/?page_id=3703"},"modified":"2022-11-20T21:20:37","modified_gmt":"2022-11-20T19:20:37","slug":"palju-onne-kallis-eesti","status":"publish","type":"page","link":"https:\/\/ramkool.edu.ee\/roostiku\/omalooming\/koned-eesti-sunnipaevaks\/palju-onne-kallis-eesti\/","title":{"rendered":"Palju \u00f5nne, kallis Eesti!"},"content":{"rendered":"<p>Tere! Oleme siin, et t\u00e4histada Eesti Vabariigi sajandat s\u00fcnnip\u00e4eva. J\u00e4rgnevad read sooviksin p\u00fchendada Eestile. Kuid enne veel, mul on \u00fcksainus k\u00fcsimus: KAS TEILE MEELDIB EESTIMAA?<\/p>\n<p>Eesti, Sul on palju metsi, rohelust, ilu ja k\u00f5ike muud, mida \u00fcks perfektne riik vajab. Sa oled olnud okupeeritud, kuid alati v\u00f5itjana v\u00e4ljunud. Sa oled imeline v\u00e4ike ja kodune riik. Kodune, kuna siin toetavad inimesed \u00fcksteist. Sa oled v\u00e4ike, nagu m\u00f5ned suurlinnad\u00a0, rahvaarvu poolest muidugi, aga see ei m\u00f5juta inimesi. Nad on \u00f5nnelikud, et nad siin elavad ja samuti olen mina.<\/p>\n<p>N\u00fc\u00fcd saad Sa sada aastat vanaks ja vanadus ei m\u00f5juta Sind. Sa oled oma ilu poolest tugev. Muidugi ka t\u00e4nu riikidele, kes Sind aitasid, kui olid h\u00e4das, sest muidu ei t\u00e4histaks me Su s\u00fcnnip\u00e4eva nii nagu praegu. Suur ait\u00e4h Islandile, kes \u00fctles esimesena s\u00f5nad: \u201eEesti v\u00f5ib olla vaba riik, nagu meiegi\u201c.<\/p>\n<p>Sul on neli aastaaega, mis meile meeldib. Talv on nagu valge ime ning meenutab Eesti lipu valget v\u00e4rvi. S\u00fcgisel oled Sa v\u00e4rviline, kevadel j\u00e4lle rohelust t\u00e4is. Suvel on Sul vaba aega meenutada aegu, mil olid r\u00f5\u00f5mus ning aegu, mil olid kurb.<\/p>\n<p>Meil, eestlastel, on siin hea. Ja muud polegi vaja. Sa oled ilus, Eesti. Ja see rahvas, kes siin elab, t\u00e4histab Su s\u00fcnnip\u00e4eva t\u00e4iega.<\/p>\n<p>ELAGU EESTI!<\/p>\n<p>Sebastian<\/p>\n","protected":false},"excerpt":{"rendered":"<p>Tere! Oleme siin, et t\u00e4histada Eesti Vabariigi<\/p>\n","protected":false},"author":17,"featured_media":3607,"parent":3691,"menu_order":960,"comment_status":"closed","ping_status":"closed","template":"gallery-template.php","meta":{"_acf_changed":false,"footnotes":""},"class_list":["post-3703","page","type-page","status-publish","has-post-thumbnail","hentry"],"acf":[],"_links":{"self":[{"href":"https:\/\/ramkool.edu.ee\/roostiku\/wp-json\/wp\/v2\/pages\/3703","targetHints":{"allow":["GET"]}}],"collection":[{"href":"https:\/\/ramkool.edu.ee\/roostiku\/wp-json\/wp\/v2\/pages"}],"about":[{"href":"https:\/\/ramkool.edu.ee\/roostiku\/wp-json\/wp\/v2\/types\/page"}],"author":[{"embeddable":true,"href":"https:\/\/ramkool.edu.ee\/roostiku\/wp-json\/wp\/v2\/users\/17"}],"replies":[{"embeddable":true,"href":"https:\/\/ramkool.edu.ee\/roostiku\/wp-json\/wp\/v2\/comments?post=3703"}],"version-history":[{"count":2,"href":"https:\/\/ramkool.edu.ee\/roostiku\/wp-json\/wp\/v2\/pages\/3703\/revisions"}],"predecessor-version":[{"id":19420,"href":"https:\/\/ramkool.edu.ee\/roostiku\/wp-json\/wp\/v2\/pages\/3703\/revisions\/19420"}],"up":[{"embeddable":true,"href":"https:\/\/ramkool.edu.ee\/roostiku\/wp-json\/wp\/v2\/pages\/3691"}],"wp:featuredmedia":[{"embeddable":true,"href":"https:\/\/ramkool.edu.ee\/roostiku\/wp-json\/wp\/v2\/media\/3607"}],"wp:attachment":[{"href":"https:\/\/ramkool.edu.ee\/roostiku\/wp-json\/wp\/v2\/media?parent=3703"}],"curies":[{"name":"wp","href":"https:\/\/api.w.org\/{rel}","templated":true}]}}