{"id":4407,"date":"2018-04-22T21:07:48","date_gmt":"2018-04-22T18:07:48","guid":{"rendered":"https:\/\/ramkool.edu.ee\/roostiku\/?page_id=4407"},"modified":"2018-04-23T09:58:21","modified_gmt":"2018-04-23T06:58:21","slug":"luulekohviku-muusikud","status":"publish","type":"page","link":"https:\/\/ramkool.edu.ee\/roostiku\/pildialbum\/2017-18\/luulekohviku-muusikud\/","title":{"rendered":"Luulekohviku muusikud"},"content":{"rendered":"<p>Meie luulekohvikus k\u00f5lasid kandle-, viiuli-, fl\u00f6\u00f6di-, kitarri- ja klaverihelid. Ait\u00e4h, head muusikud!<\/p>\n","protected":false},"excerpt":{"rendered":"<p>Meie luulekohvikus k\u00f5lasid kandle-, viiuli-, fl\u00f6\u00f6di-, kitarri-<\/p>\n","protected":false},"author":17,"featured_media":4516,"parent":1521,"menu_order":650,"comment_status":"closed","ping_status":"closed","template":"gallery-template.php","meta":{"_acf_changed":false,"footnotes":""},"class_list":["post-4407","page","type-page","status-publish","has-post-thumbnail","hentry"],"acf":[],"_links":{"self":[{"href":"https:\/\/ramkool.edu.ee\/roostiku\/wp-json\/wp\/v2\/pages\/4407","targetHints":{"allow":["GET"]}}],"collection":[{"href":"https:\/\/ramkool.edu.ee\/roostiku\/wp-json\/wp\/v2\/pages"}],"about":[{"href":"https:\/\/ramkool.edu.ee\/roostiku\/wp-json\/wp\/v2\/types\/page"}],"author":[{"embeddable":true,"href":"https:\/\/ramkool.edu.ee\/roostiku\/wp-json\/wp\/v2\/users\/17"}],"replies":[{"embeddable":true,"href":"https:\/\/ramkool.edu.ee\/roostiku\/wp-json\/wp\/v2\/comments?post=4407"}],"version-history":[{"count":4,"href":"https:\/\/ramkool.edu.ee\/roostiku\/wp-json\/wp\/v2\/pages\/4407\/revisions"}],"predecessor-version":[{"id":4552,"href":"https:\/\/ramkool.edu.ee\/roostiku\/wp-json\/wp\/v2\/pages\/4407\/revisions\/4552"}],"up":[{"embeddable":true,"href":"https:\/\/ramkool.edu.ee\/roostiku\/wp-json\/wp\/v2\/pages\/1521"}],"wp:featuredmedia":[{"embeddable":true,"href":"https:\/\/ramkool.edu.ee\/roostiku\/wp-json\/wp\/v2\/media\/4516"}],"wp:attachment":[{"href":"https:\/\/ramkool.edu.ee\/roostiku\/wp-json\/wp\/v2\/media?parent=4407"}],"curies":[{"name":"wp","href":"https:\/\/api.w.org\/{rel}","templated":true}]}}