{"id":4563,"date":"2018-04-29T19:47:25","date_gmt":"2018-04-29T16:47:25","guid":{"rendered":"https:\/\/ramkool.edu.ee\/roostiku\/?page_id=4563"},"modified":"2018-05-01T20:06:38","modified_gmt":"2018-05-01T17:06:38","slug":"4563-2","status":"publish","type":"page","link":"https:\/\/ramkool.edu.ee\/roostiku\/omalooming\/luulelaegas\/4563-2\/","title":{"rendered":"Teise talve kevadluuletused"},"content":{"rendered":"<p><span style=\"font-size: medium\"><span style=\"color: #000000\">Oli ilus lill,<br \/>\nsee oli ilusam kui pill.<br \/>\nIlus p\u00e4ike sillerdab<br \/>\nja kogu loodus pillerdab.<br \/>\n<\/span><\/span><\/p>\n<p><span style=\"font-size: medium\"><span style=\"color: #000000\">\u00d6\u00f6 on valge nagu lumi,<br \/>\nmeil kevad t\u00e4na tuli.<br \/>\nLilled \u00f5itsema hakkasid,<br \/>\ntalveilmad lakkasid.<br \/>\n<\/span><\/span><\/p>\n<p><span style=\"font-size: medium\"><span style=\"color: #000000\">Lumes\u00e4ngid on kadunud,<br \/>\naga kevad oma lilled ladunud.<br \/>\nTuules tunned lillel\u00f5hnu,<br \/>\nl\u00f5hnad paitavad minu k\u00f5htu.<br \/>\n<\/span><\/span><\/p>\n<p><span style=\"font-size: medium\"><span style=\"color: #000000\">Linnud suures lauluhoos,<br \/>\nmina laulan nendega koos.<br \/>\nLoomadega vestelda p\u00fc\u00fcan<br \/>\nja suurest r\u00f5\u00f5must h\u00fc\u00fcan!<\/span><\/span><\/p>\n<p style=\"text-align: left\"><i>\u00a0\u00a0\u00a0\u00a0\u00a0\u00a0\u00a0\u00a0\u00a0\u00a0\u00a0\u00a0\u00a0\u00a0\u00a0\u00a0\u00a0\u00a0\u00a0\u00a0\u00a0\u00a0\u00a0\u00a0 Dagmar Pali<\/i><\/p>\n<p><span style=\"font-size: medium\"><strong><span style=\"color: #000000\">Kevad t\u00e4rkab<\/span><\/strong><\/span><\/p>\n<p>Lilled juba t\u00e4rkavad,<br \/>\nkarud \u00fcles \u00e4rkavad.<br \/>\nLoomad k\u00e4ivad siia-sinna,<br \/>\nvesi voolab vulinal.<\/p>\n<p>Mina vaatan liblikat,<br \/>\ntema mind ju tervitab.<br \/>\nLiblikal on minna aeg.<br \/>\nMina l\u00e4hen samuti.<\/p>\n<p style=\"text-align: left\"><i>\u00a0\u00a0\u00a0\u00a0\u00a0\u00a0\u00a0\u00a0\u00a0\u00a0\u00a0\u00a0\u00a0\u00a0\u00a0\u00a0\u00a0\u00a0\u00a0\u00a0\u00a0\u00a0\u00a0\u00a0 Grete Pali<\/i><\/p>\n<p><strong><i><span style=\"color: #000000;font-size: medium\">\u00a0<\/span><\/i><span style=\"font-size: medium\"><span style=\"color: #000000\">Kevad<\/span><\/span><\/strong><\/p>\n<p>\u00d5ues on p\u00e4ike, mina olen v\u00e4ike<br \/>\nv\u00e4ike ja v\u00e4le.<br \/>\nTuleb varsti \u00e4ike, siis kaob p\u00e4ike<br \/>\np\u00e4ike.<br \/>\nAga mina olen v\u00e4le ja v\u00e4ike.<br \/>\nN\u00fc\u00fcd l\u00f6\u00f6b \u00e4ike, aga mina all<br \/>\nalles v\u00e4ike.<\/p>\n<p>Kevad on petlik,<br \/>\naga mina olen leplik.<br \/>\n\u00d5ues puhub soe tuul,<br \/>\nminul alati naeratus on suul.<br \/>\nMina rulluisutan,<br \/>\nsina hoopis rulatad.<\/p>\n<p style=\"text-align: left\"><i>\u00a0\u00a0\u00a0\u00a0\u00a0\u00a0\u00a0\u00a0\u00a0\u00a0\u00a0\u00a0\u00a0\u00a0\u00a0\u00a0\u00a0\u00a0\u00a0\u00a0\u00a0\u00a0\u00a0\u00a0 Rianna Kaubi<\/i><\/p>\n<p><span style=\"font-size: medium\"><strong><span style=\"color: #000000\">Kevade algus<\/span><\/strong><\/span><\/p>\n<p>Meil on ilus puu,<br \/>\nt\u00e4na \u00f5htul on t\u00e4iskuu.<br \/>\nT\u00e4na paistab kaunis p\u00e4ike,<br \/>\naga homme lubab \u00e4ikest.<br \/>\nT\u00e4na on soe,<br \/>\n\u00e4ra peitu poe!<br \/>\nMeie aias \u00f5itseb lilli,<br \/>\naga vend mul m\u00e4ngib pilli.<br \/>\nLinnud ootavad teri,<br \/>\nlahti l\u00e4heb meri.<br \/>\nLilled juba t\u00e4rkavad,<br \/>\nloomad seda m\u00e4rkavad.<\/p>\n<p>On ju kevad!<\/p>\n<p style=\"text-align: left\"><i>\u00a0\u00a0\u00a0\u00a0\u00a0\u00a0\u00a0\u00a0\u00a0\u00a0\u00a0\u00a0\u00a0\u00a0\u00a0\u00a0\u00a0\u00a0\u00a0\u00a0\u00a0\u00a0\u00a0\u00a0 Linda Erlemann<\/i><\/p>\n<p><i><span style=\"color: #000000;font-size: medium\">\u00a0<\/span><\/i><span style=\"font-size: medium\"><strong><span style=\"color: #000000\">Kevad<\/span><\/strong><\/span><\/p>\n<p>Kevadel on soe p\u00e4ikesega.<br \/>\nKevadel ei ole soe \u00e4ikesega.<br \/>\nKevadel on tuhanded lilled.<br \/>\n\u00d5htul n\u00e4en ma kahte Pillet.<\/p>\n<p>Kevadel j\u00f5ed-j\u00e4rved sulisevad.<br \/>\nKevadel ainult inimesed j\u00f5e \u00e4\u00e4re<br \/>\n\u00e4\u00e4res kulistavad.<br \/>\n\u00d5htul p\u00e4ike loojas.<br \/>\nTuba aina soojas.<\/p>\n<p style=\"text-align: left\"><i>\u00a0\u00a0\u00a0\u00a0\u00a0\u00a0\u00a0\u00a0\u00a0\u00a0\u00a0\u00a0\u00a0\u00a0\u00a0\u00a0\u00a0\u00a0\u00a0\u00a0\u00a0\u00a0\u00a0\u00a0 Iris Oidsalu<\/i><\/p>\n<p><i><span style=\"color: #000000;font-size: medium\">\u00a0<\/span><\/i><span style=\"font-size: medium\"><strong><span style=\"color: #000000\">Kevad \u00e4rkab<\/span><\/strong><\/span><\/p>\n<p>Kevadel on r\u00f5\u00f5mus p\u00e4ike<br \/>\nja ka tavaline \u00e4ike.<br \/>\nHomme n\u00e4itab vihmap\u00e4eva,<br \/>\n\u00fclehomme naljap\u00e4eva.<\/p>\n<p>Ilmad on meil heitlikud,<br \/>\nputukad on peitlikud.<br \/>\nKevad on meil eriline.<br \/>\nNagu mina.<\/p>\n<p style=\"text-align: left\"><i>\u00a0\u00a0\u00a0\u00a0\u00a0\u00a0\u00a0\u00a0\u00a0\u00a0\u00a0\u00a0\u00a0\u00a0\u00a0\u00a0\u00a0\u00a0\u00a0\u00a0\u00a0\u00a0\u00a0\u00a0 Marie Kauler<\/i><\/p>\n<p>&nbsp;<\/p>\n","protected":false},"excerpt":{"rendered":"<p>Oli ilus lill, see oli ilusam kui<\/p>\n","protected":false},"author":17,"featured_media":4585,"parent":4555,"menu_order":980,"comment_status":"closed","ping_status":"closed","template":"newsletter-template.php","meta":{"_acf_changed":false,"footnotes":""},"class_list":["post-4563","page","type-page","status-publish","has-post-thumbnail","hentry"],"acf":[],"_links":{"self":[{"href":"https:\/\/ramkool.edu.ee\/roostiku\/wp-json\/wp\/v2\/pages\/4563","targetHints":{"allow":["GET"]}}],"collection":[{"href":"https:\/\/ramkool.edu.ee\/roostiku\/wp-json\/wp\/v2\/pages"}],"about":[{"href":"https:\/\/ramkool.edu.ee\/roostiku\/wp-json\/wp\/v2\/types\/page"}],"author":[{"embeddable":true,"href":"https:\/\/ramkool.edu.ee\/roostiku\/wp-json\/wp\/v2\/users\/17"}],"replies":[{"embeddable":true,"href":"https:\/\/ramkool.edu.ee\/roostiku\/wp-json\/wp\/v2\/comments?post=4563"}],"version-history":[{"count":4,"href":"https:\/\/ramkool.edu.ee\/roostiku\/wp-json\/wp\/v2\/pages\/4563\/revisions"}],"predecessor-version":[{"id":4567,"href":"https:\/\/ramkool.edu.ee\/roostiku\/wp-json\/wp\/v2\/pages\/4563\/revisions\/4567"}],"up":[{"embeddable":true,"href":"https:\/\/ramkool.edu.ee\/roostiku\/wp-json\/wp\/v2\/pages\/4555"}],"wp:featuredmedia":[{"embeddable":true,"href":"https:\/\/ramkool.edu.ee\/roostiku\/wp-json\/wp\/v2\/media\/4585"}],"wp:attachment":[{"href":"https:\/\/ramkool.edu.ee\/roostiku\/wp-json\/wp\/v2\/media?parent=4563"}],"curies":[{"name":"wp","href":"https:\/\/api.w.org\/{rel}","templated":true}]}}