{"id":4751,"date":"2018-05-20T21:50:26","date_gmt":"2018-05-20T18:50:26","guid":{"rendered":"https:\/\/ramkool.edu.ee\/roostiku\/?page_id=4751"},"modified":"2018-05-20T21:55:43","modified_gmt":"2018-05-20T18:55:43","slug":"4751-2","status":"publish","type":"page","link":"https:\/\/ramkool.edu.ee\/roostiku\/pildialbum\/2017-18\/4751-2\/","title":{"rendered":"Kartulite panek"},"content":{"rendered":"<p>5. perioodi alguses uurisime, kust kartulid p\u00e4rit, kuidas nad Eestisse j\u00f5udsid, miks kartulid kasulikud on ja milliseid roogasid neist valmistada saab. Kaunistasime \u00e4mbrid grafitiga\u00a0ja pistsime kartulid mulda. N\u00fc\u00fcd ootame huviga, kuidas nende kasvamine l\u00e4heb. Hoiame p\u00f6ialt, et k\u00f5ik \u00f5nnestub!<\/p>\n<p>&nbsp;<\/p>\n","protected":false},"excerpt":{"rendered":"<p>5. perioodi alguses uurisime, kust kartulid p\u00e4rit,<\/p>\n","protected":false},"author":17,"featured_media":4689,"parent":1521,"menu_order":620,"comment_status":"closed","ping_status":"closed","template":"gallery-template.php","meta":{"_acf_changed":false,"footnotes":""},"class_list":["post-4751","page","type-page","status-publish","has-post-thumbnail","hentry"],"acf":[],"_links":{"self":[{"href":"https:\/\/ramkool.edu.ee\/roostiku\/wp-json\/wp\/v2\/pages\/4751","targetHints":{"allow":["GET"]}}],"collection":[{"href":"https:\/\/ramkool.edu.ee\/roostiku\/wp-json\/wp\/v2\/pages"}],"about":[{"href":"https:\/\/ramkool.edu.ee\/roostiku\/wp-json\/wp\/v2\/types\/page"}],"author":[{"embeddable":true,"href":"https:\/\/ramkool.edu.ee\/roostiku\/wp-json\/wp\/v2\/users\/17"}],"replies":[{"embeddable":true,"href":"https:\/\/ramkool.edu.ee\/roostiku\/wp-json\/wp\/v2\/comments?post=4751"}],"version-history":[{"count":4,"href":"https:\/\/ramkool.edu.ee\/roostiku\/wp-json\/wp\/v2\/pages\/4751\/revisions"}],"predecessor-version":[{"id":4755,"href":"https:\/\/ramkool.edu.ee\/roostiku\/wp-json\/wp\/v2\/pages\/4751\/revisions\/4755"}],"up":[{"embeddable":true,"href":"https:\/\/ramkool.edu.ee\/roostiku\/wp-json\/wp\/v2\/pages\/1521"}],"wp:featuredmedia":[{"embeddable":true,"href":"https:\/\/ramkool.edu.ee\/roostiku\/wp-json\/wp\/v2\/media\/4689"}],"wp:attachment":[{"href":"https:\/\/ramkool.edu.ee\/roostiku\/wp-json\/wp\/v2\/media?parent=4751"}],"curies":[{"name":"wp","href":"https:\/\/api.w.org\/{rel}","templated":true}]}}