{"id":4757,"date":"2018-05-21T20:16:31","date_gmt":"2018-05-21T17:16:31","guid":{"rendered":"https:\/\/ramkool.edu.ee\/roostiku\/?page_id=4757"},"modified":"2018-05-21T20:22:15","modified_gmt":"2018-05-21T17:22:15","slug":"hommik-emadega","status":"publish","type":"page","link":"https:\/\/ramkool.edu.ee\/roostiku\/pildialbum\/2017-18\/hommik-emadega\/","title":{"rendered":"Hommik emadega"},"content":{"rendered":"<p>Reedel, 18. mail alustasime koolip\u00e4eva koos emadega. Ja kui ema ei saanud tulla, siis vanaema, isa, \u00f5e v\u00f5i vennaga. Moodustasime talvede kaupa seltskonnad ja tegime v\u00e4ikse r\u00e4nnaku k\u00fcla peal. Jalutusk\u00e4igu ajal pidime pildistama erinevates paikades: lapsed veesilma, emad lehtpuu ja k\u00e4ed okaspuu juures, leidma pildile looma ja l\u00f5puks seadma pildile kindla kujundi. Kui matk r\u00f5\u00f5muga l\u00e4bitud, siis ootasid toas maitsvad pannkoogid maasikamoosiga. Oli ilus ja\u00a0vahva hommik!<\/p>\n","protected":false},"excerpt":{"rendered":"<p>Reedel, 18. mail alustasime koolip\u00e4eva koos emadega.<\/p>\n","protected":false},"author":17,"featured_media":4861,"parent":1521,"menu_order":610,"comment_status":"closed","ping_status":"closed","template":"gallery-template.php","meta":{"_acf_changed":false,"footnotes":""},"class_list":["post-4757","page","type-page","status-publish","has-post-thumbnail","hentry"],"acf":[],"_links":{"self":[{"href":"https:\/\/ramkool.edu.ee\/roostiku\/wp-json\/wp\/v2\/pages\/4757","targetHints":{"allow":["GET"]}}],"collection":[{"href":"https:\/\/ramkool.edu.ee\/roostiku\/wp-json\/wp\/v2\/pages"}],"about":[{"href":"https:\/\/ramkool.edu.ee\/roostiku\/wp-json\/wp\/v2\/types\/page"}],"author":[{"embeddable":true,"href":"https:\/\/ramkool.edu.ee\/roostiku\/wp-json\/wp\/v2\/users\/17"}],"replies":[{"embeddable":true,"href":"https:\/\/ramkool.edu.ee\/roostiku\/wp-json\/wp\/v2\/comments?post=4757"}],"version-history":[{"count":2,"href":"https:\/\/ramkool.edu.ee\/roostiku\/wp-json\/wp\/v2\/pages\/4757\/revisions"}],"predecessor-version":[{"id":4874,"href":"https:\/\/ramkool.edu.ee\/roostiku\/wp-json\/wp\/v2\/pages\/4757\/revisions\/4874"}],"up":[{"embeddable":true,"href":"https:\/\/ramkool.edu.ee\/roostiku\/wp-json\/wp\/v2\/pages\/1521"}],"wp:featuredmedia":[{"embeddable":true,"href":"https:\/\/ramkool.edu.ee\/roostiku\/wp-json\/wp\/v2\/media\/4861"}],"wp:attachment":[{"href":"https:\/\/ramkool.edu.ee\/roostiku\/wp-json\/wp\/v2\/media?parent=4757"}],"curies":[{"name":"wp","href":"https:\/\/api.w.org\/{rel}","templated":true}]}}