{"id":7097,"date":"2018-11-14T21:14:26","date_gmt":"2018-11-14T19:14:26","guid":{"rendered":"https:\/\/ramkool.edu.ee\/roostiku\/?page_id=7097"},"modified":"2018-11-14T21:40:39","modified_gmt":"2018-11-14T19:40:39","slug":"7097-2","status":"publish","type":"page","link":"https:\/\/ramkool.edu.ee\/roostiku\/pildialbum\/pildialbum\/7097-2\/","title":{"rendered":"Purjekad isadele"},"content":{"rendered":"<p>\u00dchel p\u00e4eval k\u00e4isime metsatukas, pilgud maha suunatud, sest otsisime parajaid puupulki. Teisel p\u00e4eval punusime pulgad kokku ja meisterdasime purjed, et need laevad heade soovidega isadele kinkida. Head seilamist koos meiega, armsad isad!<\/p>\n","protected":false},"excerpt":{"rendered":"<p>\u00dchel p\u00e4eval k\u00e4isime metsatukas, pilgud maha suunatud,<\/p>\n","protected":false},"author":17,"featured_media":7142,"parent":5953,"menu_order":750,"comment_status":"closed","ping_status":"closed","template":"gallery-template.php","meta":{"_acf_changed":false,"footnotes":""},"class_list":["post-7097","page","type-page","status-publish","has-post-thumbnail","hentry"],"acf":[],"_links":{"self":[{"href":"https:\/\/ramkool.edu.ee\/roostiku\/wp-json\/wp\/v2\/pages\/7097","targetHints":{"allow":["GET"]}}],"collection":[{"href":"https:\/\/ramkool.edu.ee\/roostiku\/wp-json\/wp\/v2\/pages"}],"about":[{"href":"https:\/\/ramkool.edu.ee\/roostiku\/wp-json\/wp\/v2\/types\/page"}],"author":[{"embeddable":true,"href":"https:\/\/ramkool.edu.ee\/roostiku\/wp-json\/wp\/v2\/users\/17"}],"replies":[{"embeddable":true,"href":"https:\/\/ramkool.edu.ee\/roostiku\/wp-json\/wp\/v2\/comments?post=7097"}],"version-history":[{"count":4,"href":"https:\/\/ramkool.edu.ee\/roostiku\/wp-json\/wp\/v2\/pages\/7097\/revisions"}],"predecessor-version":[{"id":7225,"href":"https:\/\/ramkool.edu.ee\/roostiku\/wp-json\/wp\/v2\/pages\/7097\/revisions\/7225"}],"up":[{"embeddable":true,"href":"https:\/\/ramkool.edu.ee\/roostiku\/wp-json\/wp\/v2\/pages\/5953"}],"wp:featuredmedia":[{"embeddable":true,"href":"https:\/\/ramkool.edu.ee\/roostiku\/wp-json\/wp\/v2\/media\/7142"}],"wp:attachment":[{"href":"https:\/\/ramkool.edu.ee\/roostiku\/wp-json\/wp\/v2\/media?parent=7097"}],"curies":[{"name":"wp","href":"https:\/\/api.w.org\/{rel}","templated":true}]}}