{"id":7318,"date":"2018-12-11T20:58:02","date_gmt":"2018-12-11T18:58:02","guid":{"rendered":"https:\/\/ramkool.edu.ee\/roostiku\/?page_id=7318"},"modified":"2018-12-11T21:04:58","modified_gmt":"2018-12-11T19:04:58","slug":"kulas-jaanus-vaiksoo","status":"publish","type":"page","link":"https:\/\/ramkool.edu.ee\/roostiku\/pildialbum\/pildialbum\/kulas-jaanus-vaiksoo\/","title":{"rendered":"K\u00fclas Jaanus Vaiksoo"},"content":{"rendered":"<p>Meie heal tuttaval Jaanus Vaiksool ilmus uus\u00a0jutukogu lastele\u00a0&#8220;Miku ja Mirjami kuus kummalist kohtumist&#8221;.\u00a0Ja sel puhul oli k\u00fcll \u00f5ige aeg Jaanus k\u00fclla kutsuda, et teada saada, kus elab Une-Mati. Ja kui kirjanikuh\u00e4rra meile esimese loo ette luges, tekkis soov kohe j\u00e4rgmine lugu ise l\u00e4bi lugeda. Nii m\u00f5nigi meie seast seda \u00f5htul uue raamatu seltsis kodus ka tegi. L\u00f5busat lugemist!<\/p>\n","protected":false},"excerpt":{"rendered":"<p>Meie heal tuttaval Jaanus Vaiksool ilmus uus\u00a0jutukogu<\/p>\n","protected":false},"author":17,"featured_media":7324,"parent":5953,"menu_order":720,"comment_status":"closed","ping_status":"closed","template":"gallery-template.php","meta":{"_acf_changed":false,"footnotes":""},"class_list":["post-7318","page","type-page","status-publish","has-post-thumbnail","hentry"],"acf":[],"_links":{"self":[{"href":"https:\/\/ramkool.edu.ee\/roostiku\/wp-json\/wp\/v2\/pages\/7318","targetHints":{"allow":["GET"]}}],"collection":[{"href":"https:\/\/ramkool.edu.ee\/roostiku\/wp-json\/wp\/v2\/pages"}],"about":[{"href":"https:\/\/ramkool.edu.ee\/roostiku\/wp-json\/wp\/v2\/types\/page"}],"author":[{"embeddable":true,"href":"https:\/\/ramkool.edu.ee\/roostiku\/wp-json\/wp\/v2\/users\/17"}],"replies":[{"embeddable":true,"href":"https:\/\/ramkool.edu.ee\/roostiku\/wp-json\/wp\/v2\/comments?post=7318"}],"version-history":[{"count":2,"href":"https:\/\/ramkool.edu.ee\/roostiku\/wp-json\/wp\/v2\/pages\/7318\/revisions"}],"predecessor-version":[{"id":7341,"href":"https:\/\/ramkool.edu.ee\/roostiku\/wp-json\/wp\/v2\/pages\/7318\/revisions\/7341"}],"up":[{"embeddable":true,"href":"https:\/\/ramkool.edu.ee\/roostiku\/wp-json\/wp\/v2\/pages\/5953"}],"wp:featuredmedia":[{"embeddable":true,"href":"https:\/\/ramkool.edu.ee\/roostiku\/wp-json\/wp\/v2\/media\/7324"}],"wp:attachment":[{"href":"https:\/\/ramkool.edu.ee\/roostiku\/wp-json\/wp\/v2\/media?parent=7318"}],"curies":[{"name":"wp","href":"https:\/\/api.w.org\/{rel}","templated":true}]}}