{"id":8918,"date":"2019-04-20T12:43:37","date_gmt":"2019-04-20T09:43:37","guid":{"rendered":"https:\/\/ramkool.edu.ee\/roostiku\/?page_id=8918"},"modified":"2019-04-20T12:48:10","modified_gmt":"2019-04-20T09:48:10","slug":"sparta-polise-vaene-naine","status":"publish","type":"page","link":"https:\/\/ramkool.edu.ee\/roostiku\/omalooming\/vanakreeklaste-elu-olu\/sparta-polise-vaene-naine\/","title":{"rendered":"Sparta polise vaene naine"},"content":{"rendered":"<p>Tere, mina olen Spartas elav vaene naine. Minu kodu on \u00fchekorruseline ning on ehitatud p\u00f5letamata tellistest. Aknaid seal pole. Me magame puust vooditel ja s\u00f6\u00f6me v\u00e4ikse laua taga. Toa nurgas on kirst, kus me hoiame oma talveriideid. Aga k\u00f5ige rohkem leiab meie peres endale kasutust nelja jalaga taburet.<\/p>\n<p>Igap\u00e4evaselt tegelen majapidamist\u00f6\u00f6dega. Hoian maja korras, teen s\u00fc\u00fca ja hoolitsen laste eest. Naabrite juures saan harva k\u00e4ia, sest mul pole aega ning ma ei tohi kaua kodust eemal olla. Kuna minu perel on v\u00e4he raha, jahvatan ja k\u00fcpsetan iga p\u00e4ev laiba. Kui on pidulikud \u00f5htus\u00f6\u00f6gid, teen ma k\u00f6\u00f6gis pidulistele s\u00fc\u00fca, et natukenegi raha teenida.<\/p>\n<p>Ma olen abielus ning pean kuuletuma oma mehele ja tema k\u00e4ske t\u00e4itma. Mul on \u00fcks poeg ja \u00fcks t\u00fctar. Mul oli veel \u00fcks t\u00fctar, aga mu mees vaatas, et ta on liiga vigane ja j\u00e4ttis ta k\u00fclaplatsile, kust ta t\u00f5en\u00e4oliselt varsti orjastati. Poeg on mul kuueaastane ning \u00fche aasta p\u00e4rast v\u00f5etakse ta mult \u00e4ra ja saadetakse v\u00e4ga rangesse kooli. T\u00fctar on mul k\u00fcmneaastane ning umbes nelja aasta p\u00e4rast l\u00e4heb ta mehele.<\/p>\n<p>Mul on v\u00e4he \u00f5igusi, kuid paar mul siiski on. Ma v\u00f5in osa v\u00f5tta matustest ja pulmadest. Kuid ma ei tohi osa v\u00f5tta poliitilistest s\u00fcndmustest. Ja \u00fcldse ma ei tohi kuidagi poliitikast osa v\u00f5tta. Ning kuna ma olen abielus, ei tohi ma ol\u00fcmpiam\u00e4nge vaadata. Ise ma tahaksin v\u00e4ga ol\u00fcmpiam\u00e4nge vaadata, aga kui ma seda teeksin, karistataks mind surmanuhtlusega.<\/p>\n<p>Tavaliselt s\u00f6\u00f6n leiba, juustu, kala, juurvilja ja vahel harva ka puuvilju. Liha s\u00f6\u00f6n ainult pidulikel s\u00fcndmustel, sest meil ei ole raha, et liha osta.<\/p>\n<p>Vaba aega mul tavaliselt pole, aga kui seda tekib, \u00f5petan ma oma t\u00fctart.<\/p>\n<p><img loading=\"lazy\" decoding=\"async\" class=\"aligncenter\" src=\"https:\/\/ramkool.edu.ee\/roostiku\/wp-content\/uploads\/sites\/11\/2019\/04\/MG_8492.jpg\" width=\"211\" height=\"317\" \/><\/p>\n<p>Kirjutas ja joonistas Teeli.<\/p>\n","protected":false},"excerpt":{"rendered":"<p>Tere, mina olen Spartas elav vaene naine.<\/p>\n","protected":false},"author":17,"featured_media":8899,"parent":8913,"menu_order":890,"comment_status":"closed","ping_status":"closed","template":"gallery-template.php","meta":{"_acf_changed":false,"footnotes":""},"class_list":["post-8918","page","type-page","status-publish","has-post-thumbnail","hentry"],"acf":[],"_links":{"self":[{"href":"https:\/\/ramkool.edu.ee\/roostiku\/wp-json\/wp\/v2\/pages\/8918","targetHints":{"allow":["GET"]}}],"collection":[{"href":"https:\/\/ramkool.edu.ee\/roostiku\/wp-json\/wp\/v2\/pages"}],"about":[{"href":"https:\/\/ramkool.edu.ee\/roostiku\/wp-json\/wp\/v2\/types\/page"}],"author":[{"embeddable":true,"href":"https:\/\/ramkool.edu.ee\/roostiku\/wp-json\/wp\/v2\/users\/17"}],"replies":[{"embeddable":true,"href":"https:\/\/ramkool.edu.ee\/roostiku\/wp-json\/wp\/v2\/comments?post=8918"}],"version-history":[{"count":2,"href":"https:\/\/ramkool.edu.ee\/roostiku\/wp-json\/wp\/v2\/pages\/8918\/revisions"}],"predecessor-version":[{"id":8920,"href":"https:\/\/ramkool.edu.ee\/roostiku\/wp-json\/wp\/v2\/pages\/8918\/revisions\/8920"}],"up":[{"embeddable":true,"href":"https:\/\/ramkool.edu.ee\/roostiku\/wp-json\/wp\/v2\/pages\/8913"}],"wp:featuredmedia":[{"embeddable":true,"href":"https:\/\/ramkool.edu.ee\/roostiku\/wp-json\/wp\/v2\/media\/8899"}],"wp:attachment":[{"href":"https:\/\/ramkool.edu.ee\/roostiku\/wp-json\/wp\/v2\/media?parent=8918"}],"curies":[{"name":"wp","href":"https:\/\/api.w.org\/{rel}","templated":true}]}}