{"id":8944,"date":"2019-04-20T14:23:13","date_gmt":"2019-04-20T11:23:13","guid":{"rendered":"https:\/\/ramkool.edu.ee\/roostiku\/?page_id=8944"},"modified":"2019-04-20T14:24:37","modified_gmt":"2019-04-20T11:24:37","slug":"ateena-polise-poiss","status":"publish","type":"page","link":"https:\/\/ramkool.edu.ee\/roostiku\/omalooming\/vanakreeklaste-elu-olu\/ateena-polise-poiss\/","title":{"rendered":"Ateena polise poiss"},"content":{"rendered":"<p>Tere, minu nimi on Adonis ja ma olen 9-aastane Ateena poiss. Elan koos oma isa, ema ja v\u00e4ikse \u00f5ega. Me elame suures 3-korruselises majas. Igap\u00e4evaselt k\u00e4in poiste koolis ning vaba ajal m\u00e4ngin m\u00e4nguasjadega v\u00f5i aitan ema kodust\u00f6\u00f6dega. Minu kohustus on hoolitsed oma ema ja isa eest, kui nad vanad on. Riietuseks kasutan mina l\u00fchikest kitooni ja pealisr\u00f5ivana himationi ning jalas on mul sandaalid. T\u00e4nase p\u00e4eva men\u00fc\u00fc on meil selline: hommikuks s\u00f6\u00f6me odraputru, l\u00f5unaks odra ja mee kooki ning \u00f5htuks s\u00f6\u00f6me kuivatatud ubade hautist. Iga p\u00e4ev meil sama men\u00fc\u00fc ei ole. Minule maitseb toitudest k\u00f5ige rohkem j\u00e4neseliha, sest sellel on nii h\u00f5rk maitse. Jumalast usub meie pere Pallas Athenat (terve meie linn usub), sest ta on lahke, tark ja osav. Mei kodus on ka Pallas Athena altar. Kui keegi sureb \u00e4ra, mis on v\u00e4ga kurb, l\u00e4heb terve Ateena linn, kaasaarvatud meie, Athena altari ette looma ohverdama. Meie perele meeldin see \u00fcritus sellep\u00e4rast, et saame seal kohtuda oma s\u00f5pradega. Ma juba nii ootan j\u00e4rgmist ohverdamist. Vahest k\u00e4ime ka amfiteatris. Nii huvitav on vaadata, kuidas andekad inimesed selliseid vaimustavaid t\u00fckke esitavad. K\u00f5ige \u00e4gedamad on etendused, kus kasutatakse kraanasid. N\u00fc\u00fcd r\u00e4\u00e4gin teile oma isast, kes on aristokraat, kuid tal on mitmeid hobisid.<\/p>\n<p>Niisiis minu Adras, kes k\u00e4ib iga p\u00e4eva g\u00fcmnaasiumis treenimas ning ta on isegai ol\u00fcmpiam\u00e4ngudel k\u00e4inud ja seal staadionijooksus v\u00f5itnud. V\u00f5idu eest sai ta oliivipuup\u00e4rja ja oliivi\u00f5li kannu, mis oli nii kena. Veel sai ta hulga riideid ja sandaale. Isast on kirjutatud ka uhkeid luuletusi. Kui ma suureks saan, soovin hakata maailma kuulsaimaks sportlaseks ja v\u00f5ita k\u00f5ik ol\u00fcmpiad, kus k\u00e4in. V\u00f5rratu oleks saada oliivipuup\u00e4rg ja oliivi\u00f5li kann. Siis tehakse minust ka sadu luuletusi. Kuulen oma k\u00f5rvus juba h\u00fc\u00fcdu: &#8220;Adonis! Adonis! Adonis!&#8221; Isast veel nii palju, et ta on v\u00f5rratu luuletaja. Ema seda ei tea, aga isa on selle saladuse mulle usaldanud ja ma hoian seda.<\/p>\n<p><img loading=\"lazy\" decoding=\"async\" src=\"https:\/\/ramkool.edu.ee\/roostiku\/wp-content\/uploads\/sites\/11\/2019\/04\/MG_8501.jpg\" width=\"233\" height=\"350\" \/><\/p>\n<p>Joonistas ja kirjutas Victoria.<\/p>\n","protected":false},"excerpt":{"rendered":"<p>Tere, minu nimi on Adonis ja ma<\/p>\n","protected":false},"author":17,"featured_media":8908,"parent":8913,"menu_order":810,"comment_status":"closed","ping_status":"closed","template":"gallery-template.php","meta":{"_acf_changed":false,"footnotes":""},"class_list":["post-8944","page","type-page","status-publish","has-post-thumbnail","hentry"],"acf":[],"_links":{"self":[{"href":"https:\/\/ramkool.edu.ee\/roostiku\/wp-json\/wp\/v2\/pages\/8944","targetHints":{"allow":["GET"]}}],"collection":[{"href":"https:\/\/ramkool.edu.ee\/roostiku\/wp-json\/wp\/v2\/pages"}],"about":[{"href":"https:\/\/ramkool.edu.ee\/roostiku\/wp-json\/wp\/v2\/types\/page"}],"author":[{"embeddable":true,"href":"https:\/\/ramkool.edu.ee\/roostiku\/wp-json\/wp\/v2\/users\/17"}],"replies":[{"embeddable":true,"href":"https:\/\/ramkool.edu.ee\/roostiku\/wp-json\/wp\/v2\/comments?post=8944"}],"version-history":[{"count":2,"href":"https:\/\/ramkool.edu.ee\/roostiku\/wp-json\/wp\/v2\/pages\/8944\/revisions"}],"predecessor-version":[{"id":8946,"href":"https:\/\/ramkool.edu.ee\/roostiku\/wp-json\/wp\/v2\/pages\/8944\/revisions\/8946"}],"up":[{"embeddable":true,"href":"https:\/\/ramkool.edu.ee\/roostiku\/wp-json\/wp\/v2\/pages\/8913"}],"wp:featuredmedia":[{"embeddable":true,"href":"https:\/\/ramkool.edu.ee\/roostiku\/wp-json\/wp\/v2\/media\/8908"}],"wp:attachment":[{"href":"https:\/\/ramkool.edu.ee\/roostiku\/wp-json\/wp\/v2\/media?parent=8944"}],"curies":[{"name":"wp","href":"https:\/\/api.w.org\/{rel}","templated":true}]}}