{"id":8947,"date":"2019-04-20T14:32:43","date_gmt":"2019-04-20T11:32:43","guid":{"rendered":"https:\/\/ramkool.edu.ee\/roostiku\/?page_id=8947"},"modified":"2019-04-20T14:34:23","modified_gmt":"2019-04-20T11:34:23","slug":"ateena-polise-tudruk","status":"publish","type":"page","link":"https:\/\/ramkool.edu.ee\/roostiku\/omalooming\/vanakreeklaste-elu-olu\/ateena-polise-tudruk\/","title":{"rendered":"Ateena polise t\u00fcdruk"},"content":{"rendered":"<p>Tere!<\/p>\n<p>Minu nimi on N\u00f6f ja ma olen 7-aastane. Ma elan Ateena polises ning mu elumaja asub linnas. Mu maja on kahekorruseline ja ehitatud p\u00f5letamata savitellistest. Mu pere on pigem vaesemapoolne. Vabal ajal m\u00e4ngin ma erinevaid\u00a0 pallim\u00e4nge. Ma \u00f5pin koos emaga ketramist, kudumist, \u00f5mblemist, keetmist ja leiva k\u00fcpsetamist. Pean austama oma perekonda, s\u00f5na kuulama ja oma vanemate eest hoolitsema. Mu peamine kohustus on aidata ema. Mul on ka \u00f5igusi. V\u00f5in v\u00f5tta osa m\u00f5nedest pidustustest, matustest ja olla l\u00fchikest aega naabrite juures k\u00fclas ning k\u00e4ia ka teatris, mis on mu lemmikkoht. Aga kahjuks ei tohi ma k\u00e4ia vaatamas ol\u00fcmpiam\u00e4nge. Seal tohivad k\u00e4ia ainult vallalised naised ja loomulikult ka mehed. Meie pere usub jumalatesse nagu m\u00f5nigi teine siit. Minu lemmikjumal, kellesse ma t\u00f5esti v\u00e4ga usun, on Demeter. Kuigi me pole v\u00e4ga rikkad, siis s\u00f6\u00f6me me minu arvates h\u00e4sti. Minu men\u00fc\u00fcs on hommikuks leib, l\u00f5unal erinevad juurviljad ja \u00f5htuks oliivid, juust ja vahepeal, kui saab, siis liha v\u00f5i muna. Ja selline ongi mu elu.<\/p>\n<p><img loading=\"lazy\" decoding=\"async\" src=\"https:\/\/ramkool.edu.ee\/roostiku\/wp-content\/uploads\/sites\/11\/2019\/04\/MG_8494.jpg\" width=\"236\" height=\"354\" \/><\/p>\n<p>Joonistas ja kirjutas Liisa.<\/p>\n","protected":false},"excerpt":{"rendered":"<p>Tere! Minu nimi on N\u00f6f ja ma<\/p>\n","protected":false},"author":17,"featured_media":8901,"parent":8913,"menu_order":800,"comment_status":"closed","ping_status":"closed","template":"gallery-template.php","meta":{"_acf_changed":false,"footnotes":""},"class_list":["post-8947","page","type-page","status-publish","has-post-thumbnail","hentry"],"acf":[],"_links":{"self":[{"href":"https:\/\/ramkool.edu.ee\/roostiku\/wp-json\/wp\/v2\/pages\/8947","targetHints":{"allow":["GET"]}}],"collection":[{"href":"https:\/\/ramkool.edu.ee\/roostiku\/wp-json\/wp\/v2\/pages"}],"about":[{"href":"https:\/\/ramkool.edu.ee\/roostiku\/wp-json\/wp\/v2\/types\/page"}],"author":[{"embeddable":true,"href":"https:\/\/ramkool.edu.ee\/roostiku\/wp-json\/wp\/v2\/users\/17"}],"replies":[{"embeddable":true,"href":"https:\/\/ramkool.edu.ee\/roostiku\/wp-json\/wp\/v2\/comments?post=8947"}],"version-history":[{"count":2,"href":"https:\/\/ramkool.edu.ee\/roostiku\/wp-json\/wp\/v2\/pages\/8947\/revisions"}],"predecessor-version":[{"id":8949,"href":"https:\/\/ramkool.edu.ee\/roostiku\/wp-json\/wp\/v2\/pages\/8947\/revisions\/8949"}],"up":[{"embeddable":true,"href":"https:\/\/ramkool.edu.ee\/roostiku\/wp-json\/wp\/v2\/pages\/8913"}],"wp:featuredmedia":[{"embeddable":true,"href":"https:\/\/ramkool.edu.ee\/roostiku\/wp-json\/wp\/v2\/media\/8901"}],"wp:attachment":[{"href":"https:\/\/ramkool.edu.ee\/roostiku\/wp-json\/wp\/v2\/media?parent=8947"}],"curies":[{"name":"wp","href":"https:\/\/api.w.org\/{rel}","templated":true}]}}