{"id":9089,"date":"2019-05-06T20:21:15","date_gmt":"2019-05-06T17:21:15","guid":{"rendered":"https:\/\/ramkool.edu.ee\/roostiku\/?page_id=9089"},"modified":"2019-05-06T20:22:05","modified_gmt":"2019-05-06T17:22:05","slug":"paevalilled-nadal-peale-istutamist","status":"publish","type":"page","link":"https:\/\/ramkool.edu.ee\/roostiku\/pildialbum\/pildialbum\/paevalilled-nadal-peale-istutamist\/","title":{"rendered":"P\u00e4evalilled n\u00e4dal peale istutamist"},"content":{"rendered":"<p>\u00dcks n\u00e4dal on p\u00e4evalille seemned meie n\u00f5ias\u00f5nade saatel mullas p\u00e4ikesepaistelisel aknalaual idanenud. Ja esimesed on oma ninad ka v\u00e4lja pistnud. Uurisime, m\u00f5\u00f5tsime ja soovisime head m\u00f5tted, edasiseks kasvamiseks.<\/p>\n","protected":false},"excerpt":{"rendered":"<p>\u00dcks n\u00e4dal on p\u00e4evalille seemned meie n\u00f5ias\u00f5nade<\/p>\n","protected":false},"author":17,"featured_media":9103,"parent":5953,"menu_order":570,"comment_status":"closed","ping_status":"closed","template":"gallery-template.php","meta":{"_acf_changed":false,"footnotes":""},"class_list":["post-9089","page","type-page","status-publish","has-post-thumbnail","hentry"],"acf":[],"_links":{"self":[{"href":"https:\/\/ramkool.edu.ee\/roostiku\/wp-json\/wp\/v2\/pages\/9089","targetHints":{"allow":["GET"]}}],"collection":[{"href":"https:\/\/ramkool.edu.ee\/roostiku\/wp-json\/wp\/v2\/pages"}],"about":[{"href":"https:\/\/ramkool.edu.ee\/roostiku\/wp-json\/wp\/v2\/types\/page"}],"author":[{"embeddable":true,"href":"https:\/\/ramkool.edu.ee\/roostiku\/wp-json\/wp\/v2\/users\/17"}],"replies":[{"embeddable":true,"href":"https:\/\/ramkool.edu.ee\/roostiku\/wp-json\/wp\/v2\/comments?post=9089"}],"version-history":[{"count":1,"href":"https:\/\/ramkool.edu.ee\/roostiku\/wp-json\/wp\/v2\/pages\/9089\/revisions"}],"predecessor-version":[{"id":9110,"href":"https:\/\/ramkool.edu.ee\/roostiku\/wp-json\/wp\/v2\/pages\/9089\/revisions\/9110"}],"up":[{"embeddable":true,"href":"https:\/\/ramkool.edu.ee\/roostiku\/wp-json\/wp\/v2\/pages\/5953"}],"wp:featuredmedia":[{"embeddable":true,"href":"https:\/\/ramkool.edu.ee\/roostiku\/wp-json\/wp\/v2\/media\/9103"}],"wp:attachment":[{"href":"https:\/\/ramkool.edu.ee\/roostiku\/wp-json\/wp\/v2\/media?parent=9089"}],"curies":[{"name":"wp","href":"https:\/\/api.w.org\/{rel}","templated":true}]}}