{"id":2113,"date":"2018-10-02T15:30:17","date_gmt":"2018-10-02T12:30:17","guid":{"rendered":"https:\/\/ramkool.edu.ee\/vodja-kool\/?page_id=2113"},"modified":"2024-10-08T16:40:54","modified_gmt":"2024-10-08T13:40:54","slug":"sisekorraeeskiri","status":"publish","type":"page","link":"https:\/\/ramkool.edu.ee\/vodja-kool\/opilaskodu\/sisekorraeeskiri\/","title":{"rendered":"Sisekorraeeskiri"},"content":{"rendered":"<p><strong>ROCCA AL MARE KOOLI VODJA INDIVIDUAAL\u00d5PPEKESKUSE \u00d5PILASKODU SISEKORRAEESKIRI<\/strong><\/p>\n<p><strong>I P\u00d5HIALUSED<br \/>\n<\/strong>K\u00e4esolev sisekorraeeskiri (edaspidi <em>eeskiri<\/em>) on kohustuslikuks j\u00e4rgimiseks k\u00f5ikidele Rocca al Mare Kooli Vodja Individuaal\u00f5ppekeskuse (edaspidi <em>kool<\/em>) \u00f5pilaskodu \u00f5pilastele.<br \/>\nEeskiri m\u00e4\u00e4rab ja reguleerib \u00f5pilaste suhteid \u00f5pilaskoduga ning m\u00e4\u00e4rab \u00f5pilaste k\u00e4itumisreeglid.<br \/>\nEeskiri j\u00f5ustub 01.09.2018.<br \/>\nKoolil on \u00f5igus teha eeskirja t\u00e4iendusi ja parandusi, avaldades need koheselt peale kinnitamist.<\/p>\n<p><strong>II \u00d5PILASKODU MOODUSTAMINE, TEGUTSEMISE PERIOOD JA PAIKNEMINE<br \/>\n<\/strong>\u00d5pilaskodu tube, mida on kuus, jagab kooli juhataja vastavalt laekunud avaldustele ning vabadele kohtadele.<br \/>\n\u00d5pilaskodu tegutseb \u00f5ppen\u00e4dalatel ja -perioodidel esmasp\u00e4evast reedeni.<br \/>\n\u00d5pilaskodu paikneb koolikoone II korrusel mahutades maksimaalselt 15 \u00f5pilast.<\/p>\n<p><strong>III \u00dcLDINE KORD \u00d5PILASKODUS<br \/>\n<\/strong>\u00d5pilaskodu v\u00e4lisuksed on lukustatud kella 22-st kuni 07-ni.<br \/>\n\u00d5pilaskodu tubade uksed on suletud hommikul kella 8.45-st kuni tundide l\u00f5puni.<br \/>\nKella 22-st \u00f5htul kuni kella 07-ni hommikul on \u00f5pilaskodus ja selle \u00fcmbruses keelatud l\u00e4rm, muusikariistade valjuh\u00e4\u00e4lne m\u00e4ngimine, kaas\u00f5pilaste ja teiste kooli territooriumil elavate perede unerahu h\u00e4irimine.<br \/>\n\u00d5pilane peab \u00f5pilaskodus j\u00e4rgima \u00fcldisi eetika- ja k\u00e4itumisreegleid ning \u00f5pilaskodu kodukorda.<br \/>\n\u00d5pilaskodus kehtib \u00f6\u00f6rahu 22.00-st kuni 7.00-ni.<br \/>\nOma toa korrashoidmise eest vastutab \u00f5pilane ise, kord n\u00e4dalas teeb m\u00e4rgpuhastust koristaja.<br \/>\n\u00d5pilasel on kohustus kasutada \u00f5pilaskodu elu- ja puhkeruumides vahetusjalatseid.<br \/>\n\u00d5pilasel on kohustus hoida tema k\u00e4sutusse antud vara, v\u00e4ltida selle h\u00e4vimist tema enda v\u00f5i kellegi kolmanda isiku poolt. Vara v\u00f5i ruumide kahjustamisel tahtlikult v\u00f5i ettevaatamatuse t\u00f5ttu kohustub \u00f5pilane v\u00f5i tema vanem kahju h\u00fcvitama. S\u00fc\u00fcdlase mitteselgumisel vastutavad k\u00f5ik s\u00fc\u00fc toimepanemise ajal \u00f5pilaskodus viibinud lapsed.<\/p>\n<p>\u00d5pilaskodus on keelatud:<br \/>\nSuitsetamine, alkoholi, narkootiliste ja toksiliste ainete pruukimine ja alkoholijoobes, narkootiliste v\u00f5i toksiliste ainete m\u00f5ju all viibimine;<br \/>\nTubakatoodete, alkohoolsete jookide, narkootiliste ja toksiliste ainete ning kergesti s\u00fcttivate ainete hoidmine;<br \/>\nLoomade pidamine;<br \/>\nElektriliste kodumasinate hoidmine ja kasutamine (veekeedukann, mikrolaineahi jms).<\/p>\n<p>\u00d5pilaskodu\u00a0 personalil on \u00f5igus alkoholijoobes, narkootiliste v\u00f5i toksiliste ainete tarvitamise kahtluse korral kutsuda kohale politsei joobe tuvastamiseks.<br \/>\n\u00d5pilaskodu eeskirja ning kehtestatud korra t\u00e4itmise kontrollimiseks on \u00f5pilaskodu personalil \u00f5igus kontrollida \u00f5pilaskodu tubasid.<\/p>\n<p><strong>IV EESKIRJA MITTET\u00c4ITMISE KORRAL RAKENDATAVAD MEETMED<\/strong><\/p>\n<p>K\u00e4esoleva eeskirja esmakordsel eiramisel tehakse suuline hoiatus, teise eksimuse korral teavitatakse rikkumisest kooli juhtkonda ja \u00f5pilase vanemaid ning koostatakse kirjalik noomitus. Kolmandale rikkumisele j\u00e4rgneb juhataja k\u00e4skkirjaga \u00f5pilaskodust eemaldamine.<\/p>\n","protected":false},"excerpt":{"rendered":"<p>ROCCA AL MARE KOOLI VODJA INDIVIDUAAL\u00d5PPEKESKUSE \u00d5PILASKODU<\/p>\n","protected":false},"author":13,"featured_media":1591,"parent":1418,"menu_order":20,"comment_status":"closed","ping_status":"closed","template":"","meta":{"_acf_changed":false,"footnotes":""},"class_list":["post-2113","page","type-page","status-publish","has-post-thumbnail","hentry"],"acf":[],"_links":{"self":[{"href":"https:\/\/ramkool.edu.ee\/vodja-kool\/wp-json\/wp\/v2\/pages\/2113","targetHints":{"allow":["GET"]}}],"collection":[{"href":"https:\/\/ramkool.edu.ee\/vodja-kool\/wp-json\/wp\/v2\/pages"}],"about":[{"href":"https:\/\/ramkool.edu.ee\/vodja-kool\/wp-json\/wp\/v2\/types\/page"}],"author":[{"embeddable":true,"href":"https:\/\/ramkool.edu.ee\/vodja-kool\/wp-json\/wp\/v2\/users\/13"}],"replies":[{"embeddable":true,"href":"https:\/\/ramkool.edu.ee\/vodja-kool\/wp-json\/wp\/v2\/comments?post=2113"}],"version-history":[{"count":4,"href":"https:\/\/ramkool.edu.ee\/vodja-kool\/wp-json\/wp\/v2\/pages\/2113\/revisions"}],"predecessor-version":[{"id":2675,"href":"https:\/\/ramkool.edu.ee\/vodja-kool\/wp-json\/wp\/v2\/pages\/2113\/revisions\/2675"}],"up":[{"embeddable":true,"href":"https:\/\/ramkool.edu.ee\/vodja-kool\/wp-json\/wp\/v2\/pages\/1418"}],"wp:featuredmedia":[{"embeddable":true,"href":"https:\/\/ramkool.edu.ee\/vodja-kool\/wp-json\/wp\/v2\/media\/1591"}],"wp:attachment":[{"href":"https:\/\/ramkool.edu.ee\/vodja-kool\/wp-json\/wp\/v2\/media?parent=2113"}],"curies":[{"name":"wp","href":"https:\/\/api.w.org\/{rel}","templated":true}]}}